Last updated on 2023-06-07 12:00:41 CEST.
Flavor | Version | Tinstall | Tcheck | Ttotal | Status | Flags |
---|---|---|---|---|---|---|
r-devel-linux-x86_64-debian-clang | 2.1.0 | 10.59 | 94.06 | 104.65 | OK | |
r-devel-linux-x86_64-debian-gcc | 2.1.0 | 8.62 | 68.85 | 77.47 | OK | |
r-devel-linux-x86_64-fedora-clang | 2.1.0 | 128.79 | NOTE | |||
r-devel-linux-x86_64-fedora-gcc | 2.1.0 | 119.03 | OK | |||
r-devel-windows-x86_64 | 2.1.0 | 9.00 | 89.00 | 98.00 | NOTE | |
r-patched-linux-x86_64 | 2.1.0 | 6.90 | 87.00 | 93.90 | OK | |
r-release-linux-x86_64 | 2.1.0 | 6.25 | 86.94 | 93.19 | OK | |
r-release-macos-arm64 | 2.1.0 | 41.00 | NOTE | |||
r-release-macos-x86_64 | 2.1.0 | 59.00 | NOTE | |||
r-release-windows-x86_64 | 2.1.0 | 13.00 | 104.00 | 117.00 | NOTE | |
r-oldrel-macos-arm64 | 2.1.0 | 41.00 | NOTE | |||
r-oldrel-macos-x86_64 | 2.1.0 | 66.00 | NOTE | |||
r-oldrel-windows-x86_64 | 2.1.0 | 13.00 | 106.00 | 119.00 | NOTE |
Version: 2.1.0
Check: installed package size
Result: NOTE
installed size is 6.3Mb
Flavors: r-devel-linux-x86_64-fedora-clang, r-devel-windows-x86_64, r-release-macos-arm64, r-release-macos-x86_64, r-release-windows-x86_64, r-oldrel-macos-arm64, r-oldrel-macos-x86_64, r-oldrel-windows-x86_64