Last updated on 2024-08-16 11:49:46 CEST.
Flavor | Version | Tinstall | Tcheck | Ttotal | Status | Flags |
---|---|---|---|---|---|---|
r-devel-linux-x86_64-debian-clang | 1.5.3 | 107.23 | 397.99 | 505.22 | OK | |
r-devel-linux-x86_64-debian-gcc | 1.5.3 | 72.49 | 279.05 | 351.54 | OK | |
r-devel-linux-x86_64-fedora-clang | 1.5.3 | 823.31 | OK | |||
r-devel-linux-x86_64-fedora-gcc | 1.5.3 | 819.29 | OK | |||
r-devel-windows-x86_64 | 1.5.3 | 92.00 | 352.00 | 444.00 | OK | |
r-patched-linux-x86_64 | 1.5.3 | 101.37 | 376.67 | 478.04 | OK | |
r-release-linux-x86_64 | 1.5.3 | 105.81 | 375.99 | 481.80 | OK | |
r-release-macos-arm64 | 1.5.3 | 214.00 | NOTE | |||
r-release-macos-x86_64 | 1.5.3 | 319.00 | NOTE | |||
r-release-windows-x86_64 | 1.5.3 | 90.00 | 356.00 | 446.00 | OK | |
r-oldrel-macos-arm64 | 1.5.3 | 208.00 | NOTE | |||
r-oldrel-macos-x86_64 | 1.5.3 | 488.00 | NOTE | |||
r-oldrel-windows-x86_64 | 1.5.3 | 125.00 | 465.00 | 590.00 | OK |
Version: 1.5.3
Check: installed package size
Result: NOTE
installed size is 29.3Mb
sub-directories of 1Mb or more:
libs 27.6Mb
Flavors: r-release-macos-arm64, r-release-macos-x86_64, r-oldrel-macos-arm64, r-oldrel-macos-x86_64