CRAN Package Check Results for Package needy

Last updated on 2022-01-24 11:53:05 CET.

Flavor Version Tinstall Tcheck Ttotal Status Flags
r-devel-linux-x86_64-debian-clang 0.2 1.84 29.80 31.64 NOTE
r-devel-linux-x86_64-debian-gcc 0.2 1.60 23.74 25.34 NOTE
r-devel-linux-x86_64-fedora-clang 0.2 40.89 NOTE
r-devel-linux-x86_64-fedora-gcc 0.2 28.92 NOTE
r-devel-windows-x86_64-new-UL 0.2 15.00 53.00 68.00 NOTE
r-devel-windows-x86_64-new-TK 0.2 NOTE
r-patched-linux-x86_64 0.2 1.93 28.78 30.71 NOTE
r-release-linux-x86_64 0.2 1.34 28.86 30.20 NOTE
r-release-macos-arm64 0.2 NOTE
r-release-macos-x86_64 0.2 NOTE
r-release-windows-ix86+x86_64 0.2 5.00 37.00 42.00 NOTE
r-oldrel-macos-x86_64 0.2 NOTE
r-oldrel-windows-ix86+x86_64 0.2 5.00 38.00 43.00 NOTE

Check Details

Version: 0.2
Check: DESCRIPTION meta-information
Result: NOTE
    BugReports field is not a suitable URL but contains an email address:
     use the Contact field instead
Flavors: r-devel-linux-x86_64-debian-clang, r-devel-linux-x86_64-debian-gcc, r-devel-linux-x86_64-fedora-clang, r-devel-linux-x86_64-fedora-gcc, r-devel-windows-x86_64-new-UL, r-devel-windows-x86_64-new-TK, r-patched-linux-x86_64, r-release-linux-x86_64, r-release-macos-arm64, r-release-macos-x86_64, r-release-windows-ix86+x86_64, r-oldrel-macos-x86_64, r-oldrel-windows-ix86+x86_64