CRAN Package Check Results for Package neo4r

Last updated on 2020-12-01 00:46:48 CET.

Flavor Version Tinstall Tcheck Ttotal Status Flags
r-devel-linux-x86_64-debian-clang 0.1.1 8.74 48.77 57.51 OK
r-devel-linux-x86_64-debian-gcc 0.1.1 6.29 39.69 45.98 OK
r-devel-linux-x86_64-fedora-clang 0.1.1 72.57 NOTE
r-devel-linux-x86_64-fedora-gcc 0.1.1 63.35 NOTE
r-devel-windows-ix86+x86_64 0.1.1 17.00 55.00 72.00 OK
r-patched-linux-x86_64 0.1.1 8.16 48.83 56.99 OK
r-patched-solaris-x86 0.1.1 90.30 NOTE
r-release-linux-x86_64 0.1.1 6.01 48.49 54.50 OK
r-release-macos-x86_64 0.1.1 NOTE
r-release-windows-ix86+x86_64 0.1.1 13.00 48.00 61.00 OK
r-oldrel-macos-x86_64 0.1.1 NOTE
r-oldrel-windows-ix86+x86_64 0.1.1 11.00 64.00 75.00 OK

Check Details

Version: 0.1.1
Check: dependencies in R code
Result: NOTE
    Namespaces in Imports field not imported from:
     ‘igraph’ ‘rlang’ ‘tidyselect’
     All declared Imports should be used.
Flavors: r-devel-linux-x86_64-fedora-clang, r-devel-linux-x86_64-fedora-gcc, r-patched-solaris-x86, r-release-macos-x86_64, r-oldrel-macos-x86_64