Last updated on 2024-08-16 11:49:46 CEST.
Flavor | Version | Tinstall | Tcheck | Ttotal | Status | Flags |
---|---|---|---|---|---|---|
r-devel-linux-x86_64-debian-clang | 0.1.4 | 14.87 | 37.81 | 52.68 | NOTE | |
r-devel-linux-x86_64-debian-gcc | 0.1.4 | 9.52 | 29.16 | 38.68 | NOTE | |
r-devel-linux-x86_64-fedora-clang | 0.1.4 | 104.00 | OK | |||
r-devel-linux-x86_64-fedora-gcc | 0.1.4 | 108.08 | OK | |||
r-devel-windows-x86_64 | 0.1.4 | 19.00 | 88.00 | 107.00 | NOTE | |
r-patched-linux-x86_64 | 0.1.4 | 14.55 | 36.19 | 50.74 | OK | |
r-release-linux-x86_64 | 0.1.4 | 12.42 | 36.63 | 49.05 | OK | |
r-release-macos-arm64 | 0.1.4 | 50.00 | OK | |||
r-release-macos-x86_64 | 0.1.4 | 83.00 | OK | |||
r-release-windows-x86_64 | 0.1.4 | 19.00 | 80.00 | 99.00 | OK | |
r-oldrel-macos-arm64 | 0.1.4 | 49.00 | OK | |||
r-oldrel-macos-x86_64 | 0.1.4 | 74.00 | OK | |||
r-oldrel-windows-x86_64 | 0.1.4 | 19.00 | 97.00 | 116.00 | OK |
Version: 0.1.4
Check: Rd cross-references
Result: NOTE
Found the following Rd file(s) with Rd \link{} targets missing package
anchors:
load.neojagsmodule.Rd: runjags-class
Please provide package anchors for all Rd \link{} targets not in the
package itself and the base packages.
Flavors: r-devel-linux-x86_64-debian-clang, r-devel-linux-x86_64-debian-gcc, r-devel-windows-x86_64