Last updated on 2024-03-28 17:49:35 CET.
Flavor | Version | Tinstall | Tcheck | Ttotal | Status | Flags |
---|---|---|---|---|---|---|
r-devel-linux-x86_64-debian-clang | 1.2.3 | 215.87 | 136.02 | 351.89 | OK | |
r-devel-linux-x86_64-debian-gcc | 1.2.3 | 151.07 | 104.41 | 255.48 | OK | |
r-devel-linux-x86_64-fedora-clang | 1.2.3 | 493.93 | OK | |||
r-devel-linux-x86_64-fedora-gcc | 1.2.3 | 479.38 | OK | |||
r-devel-windows-x86_64 | 1.2.3 | 151.00 | 145.00 | 296.00 | OK | |
r-patched-linux-x86_64 | 1.2.3 | 191.31 | 131.52 | 322.83 | OK | |
r-release-linux-x86_64 | 1.2.3 | 188.15 | 132.71 | 320.86 | OK | |
r-release-macos-arm64 | 1.2.3 | 113.00 | NOTE | |||
r-release-macos-x86_64 | 1.2.3 | 202.00 | NOTE | |||
r-release-windows-x86_64 | 1.2.3 | 184.00 | 177.00 | 361.00 | OK | |
r-oldrel-macos-arm64 | 1.2.3 | 109.00 | NOTE | |||
r-oldrel-windows-x86_64 | 1.2.3 | 175.00 | 167.00 | 342.00 | OK |
Version: 1.2.3
Check: installed package size
Result: NOTE
installed size is 6.7Mb
sub-directories of 1Mb or more:
doc 1.6Mb
libs 4.9Mb
Flavors: r-release-macos-arm64, r-release-macos-x86_64, r-oldrel-macos-arm64