Last updated on 2023-03-26 17:49:48 CEST.
Flavor | Version | Tinstall | Tcheck | Ttotal | Status | Flags |
---|---|---|---|---|---|---|
r-devel-linux-x86_64-debian-clang | 1.2.0 | 185.54 | 132.80 | 318.34 | NOTE | |
r-devel-linux-x86_64-debian-gcc | 1.2.0 | 134.49 | 101.20 | 235.69 | NOTE | |
r-devel-linux-x86_64-fedora-clang | 1.2.0 | 478.20 | NOTE | |||
r-devel-linux-x86_64-fedora-gcc | 1.2.0 | 403.01 | NOTE | |||
r-patched-linux-x86_64 | 1.2.0 | 143.38 | 126.95 | 270.33 | NOTE | |
r-release-linux-x86_64 | 1.2.0 | 139.19 | 122.46 | 261.65 | OK | |
r-release-macos-arm64 | 1.2.0 | 103.00 | NOTE | |||
r-release-macos-x86_64 | 1.2.0 | 128.00 | NOTE | |||
r-release-windows-x86_64 | 1.2.0 | 178.00 | 206.00 | 384.00 | OK | |
r-oldrel-macos-arm64 | 1.2.0 | 114.00 | NOTE | |||
r-oldrel-macos-x86_64 | 1.2.0 | 150.00 | NOTE | |||
r-oldrel-windows-ix86+x86_64 | 1.2.0 | 428.00 | 214.00 | 642.00 | OK |
Version: 1.2.0
Check: C++ specification
Result: NOTE
Specified C++11: please drop specification unless essential
Flavors: r-devel-linux-x86_64-debian-clang, r-devel-linux-x86_64-debian-gcc, r-devel-linux-x86_64-fedora-clang, r-devel-linux-x86_64-fedora-gcc, r-patched-linux-x86_64
Version: 1.2.0
Check: installed package size
Result: NOTE
installed size is 7.1Mb
sub-directories of 1Mb or more:
doc 1.6Mb
libs 5.2Mb
Flavors: r-release-macos-arm64, r-release-macos-x86_64, r-oldrel-macos-arm64, r-oldrel-macos-x86_64