Last updated on 2025-05-17 05:49:20 CEST.
Flavor | Version | Tinstall | Tcheck | Ttotal | Status | Flags |
---|---|---|---|---|---|---|
r-devel-linux-x86_64-debian-clang | 1.2.4 | 104.79 | 110.91 | 215.70 | OK | |
r-devel-linux-x86_64-debian-gcc | 1.2.4 | 74.43 | 83.64 | 158.07 | OK | |
r-devel-linux-x86_64-fedora-clang | 1.2.4 | 401.42 | OK | |||
r-devel-linux-x86_64-fedora-gcc | 1.2.4 | 435.80 | OK | |||
r-devel-windows-x86_64 | 1.2.4 | 120.00 | 150.00 | 270.00 | OK | |
r-patched-linux-x86_64 | 1.2.4 | 101.55 | 105.93 | 207.48 | OK | |
r-release-linux-x86_64 | 1.2.4 | 98.32 | 106.30 | 204.62 | OK | |
r-release-macos-arm64 | 1.2.4 | 117.00 | OK | |||
r-release-macos-x86_64 | 1.2.4 | 164.00 | OK | |||
r-release-windows-x86_64 | 1.2.4 | 124.00 | 159.00 | 283.00 | OK | |
r-oldrel-macos-arm64 | 1.2.4 | 122.00 | NOTE | |||
r-oldrel-macos-x86_64 | 1.2.4 | 210.00 | NOTE | |||
r-oldrel-windows-x86_64 | 1.2.4 | 138.00 | 189.00 | 327.00 | OK |
Version: 1.2.4
Check: installed package size
Result: NOTE
installed size is 7.4Mb
sub-directories of 1Mb or more:
doc 1.7Mb
libs 5.4Mb
Flavors: r-oldrel-macos-arm64, r-oldrel-macos-x86_64