CRAN Package Check Results for Package networksis

Last updated on 2021-06-20 11:51:25 CEST.

Flavor Version Tinstall Tcheck Ttotal Status Flags
r-devel-linux-x86_64-debian-clang 2.1-3 4.74 36.10 40.84 NOTE
r-devel-linux-x86_64-debian-gcc 2.1-3 3.44 27.92 31.36 NOTE
r-devel-linux-x86_64-fedora-clang 2.1-3 58.15 NOTE
r-devel-linux-x86_64-fedora-gcc 2.1-3 46.18 NOTE
r-devel-windows-x86_64 2.1-3 7.00 54.00 61.00 NOTE
r-devel-windows-x86_64-gcc10-UCRT 2.1-3 NOTE
r-patched-linux-x86_64 2.1-3 6.47 34.29 40.76 NOTE
r-patched-solaris-x86 2.1-3 75.90 NOTE
r-release-linux-x86_64 2.1-3 3.86 34.25 38.11 NOTE
r-release-macos-arm64 2.1-3 NOTE
r-release-macos-x86_64 2.1-3 NOTE
r-release-windows-ix86+x86_64 2.1-3 12.00 52.00 64.00 NOTE
r-oldrel-macos-x86_64 2.1-3 NOTE
r-oldrel-windows-ix86+x86_64 2.1-3 11.00 53.00 64.00 NOTE

Check Details

Version: 2.1-3
Check: R code for possible problems
Result: NOTE
    simulate.sisnetwork: no visible global function definition for 'var'
    Undefined global functions or variables:
     var
    Consider adding
     importFrom("stats", "var")
    to your NAMESPACE file.
Flavors: r-devel-linux-x86_64-debian-clang, r-devel-linux-x86_64-debian-gcc, r-devel-linux-x86_64-fedora-clang, r-devel-linux-x86_64-fedora-gcc, r-devel-windows-x86_64, r-devel-windows-x86_64-gcc10-UCRT, r-patched-linux-x86_64, r-patched-solaris-x86, r-release-linux-x86_64, r-release-macos-arm64, r-release-macos-x86_64, r-release-windows-ix86+x86_64, r-oldrel-macos-x86_64, r-oldrel-windows-ix86+x86_64

Version: 2.1-3
Check: compiled code
Result: NOTE
    File ‘networksis/libs/networksis.so’:
     Found no calls to: ‘R_registerRoutines’, ‘R_useDynamicSymbols’
    
    It is good practice to register native routines and to disable symbol
    search.
    
    See ‘Writing portable packages’ in the ‘Writing R Extensions’ manual.
Flavors: r-devel-linux-x86_64-fedora-clang, r-devel-linux-x86_64-fedora-gcc