Last updated on 2025-02-01 11:49:33 CET.
Flavor | Version | Tinstall | Tcheck | Ttotal | Status | Flags |
---|---|---|---|---|---|---|
r-devel-linux-x86_64-debian-clang | 0.1.1 | 4.69 | 44.14 | 48.83 | OK | |
r-devel-linux-x86_64-debian-gcc | 0.1.1 | 3.25 | 32.73 | 35.98 | OK | |
r-devel-linux-x86_64-fedora-clang | 0.1.1 | 79.69 | NOTE | |||
r-devel-linux-x86_64-fedora-gcc | 0.1.1 | 86.36 | NOTE | |||
r-devel-windows-x86_64 | 0.1.1 | 8.00 | 65.00 | 73.00 | OK | |
r-patched-linux-x86_64 | 0.1.1 | 5.02 | 40.96 | 45.98 | OK | |
r-release-linux-x86_64 | 0.1.1 | 4.67 | 41.52 | 46.19 | OK | |
r-release-macos-arm64 | 0.1.1 | 39.00 | OK | |||
r-release-macos-x86_64 | 0.1.1 | 84.00 | OK | |||
r-release-windows-x86_64 | 0.1.1 | 8.00 | 67.00 | 75.00 | OK | |
r-oldrel-macos-arm64 | 0.1.1 | 36.00 | OK | |||
r-oldrel-macos-x86_64 | 0.1.1 | 53.00 | OK | |||
r-oldrel-windows-x86_64 | 0.1.1 | 9.00 | 71.00 | 80.00 | OK |
Version: 0.1.1
Check: dependencies in R code
Result: NOTE
Namespaces in Imports field not imported from:
‘devtools’ ‘xml2’
All declared Imports should be used.
Flavors: r-devel-linux-x86_64-fedora-clang, r-devel-linux-x86_64-fedora-gcc