Last updated on 2024-05-10 00:04:01 CEST.
Flavor | Version | Tinstall | Tcheck | Ttotal | Status | Flags |
---|---|---|---|---|---|---|
r-devel-linux-x86_64-debian-clang | 1.2.0 | 10.33 | 105.17 | 115.50 | NOTE | |
r-devel-linux-x86_64-debian-gcc | 1.2.0 | 5.40 | 72.56 | 77.96 | NOTE | |
r-devel-linux-x86_64-fedora-clang | 1.2.0 | 137.50 | NOTE | |||
r-devel-linux-x86_64-fedora-gcc | 1.2.0 | 152.35 | NOTE | |||
r-devel-windows-x86_64 | 1.2.0 | 10.00 | 88.00 | 98.00 | NOTE | |
r-patched-linux-x86_64 | 1.2.0 | 5.98 | 94.83 | 100.81 | NOTE | |
r-release-linux-x86_64 | 1.2.0 | 5.23 | 94.96 | 100.19 | NOTE | |
r-release-macos-arm64 | 1.2.0 | 41.00 | NOTE | |||
r-release-windows-x86_64 | 1.2.0 | 9.00 | 90.00 | 99.00 | NOTE | |
r-oldrel-macos-arm64 | 1.2.0 | 47.00 | OK | |||
r-oldrel-macos-x86_64 | 1.2.0 | 69.00 | OK | |||
r-oldrel-windows-x86_64 | 1.2.0 | 10.00 | 99.00 | 109.00 | OK |
Version: 1.2.0
Check: Rd files
Result: NOTE
checkRd: (-1) load_schedules.Rd:27: Lost braces in \itemize; \value handles \item{}{} directly
checkRd: (-1) load_schedules.Rd:28: Lost braces in \itemize; \value handles \item{}{} directly
checkRd: (-1) load_schedules.Rd:29: Lost braces in \itemize; \value handles \item{}{} directly
checkRd: (-1) load_schedules.Rd:30: Lost braces in \itemize; \value handles \item{}{} directly
checkRd: (-1) load_schedules.Rd:31: Lost braces in \itemize; \value handles \item{}{} directly
checkRd: (-1) load_schedules.Rd:60: Lost braces in \itemize; \value handles \item{}{} directly
checkRd: (-1) load_schedules.Rd:61: Lost braces in \itemize; \value handles \item{}{} directly
checkRd: (-1) load_schedules.Rd:62: Lost braces in \itemize; \value handles \item{}{} directly
checkRd: (-1) load_schedules.Rd:63: Lost braces in \itemize; \value handles \item{}{} directly
Flavors: r-devel-linux-x86_64-debian-clang, r-devel-linux-x86_64-debian-gcc, r-devel-linux-x86_64-fedora-clang, r-devel-linux-x86_64-fedora-gcc, r-devel-windows-x86_64, r-patched-linux-x86_64, r-release-linux-x86_64, r-release-macos-arm64, r-release-windows-x86_64