CRAN Package Check Results for Package nhm

Last updated on 2024-07-19 17:54:35 CEST.

Flavor Version Tinstall Tcheck Ttotal Status Flags
r-devel-linux-x86_64-debian-clang 0.1.1 6.53 65.06 71.59 OK
r-devel-linux-x86_64-debian-gcc 0.1.1 6.02 47.18 53.20 OK
r-devel-linux-x86_64-fedora-clang 0.1.1 89.95 OK
r-devel-linux-x86_64-fedora-gcc 0.1.1 96.43 OK
r-devel-windows-x86_64 0.1.1 11.00 81.00 92.00 NOTE
r-patched-linux-x86_64 0.1.1 10.49 61.00 71.49 OK
r-release-linux-x86_64 0.1.1 8.08 60.80 68.88 OK
r-release-macos-arm64 0.1.1 33.00 OK
r-release-macos-x86_64 0.1.1 52.00 OK
r-release-windows-x86_64 0.1.1 9.00 81.00 90.00 OK
r-oldrel-macos-arm64 0.1.1 36.00 OK
r-oldrel-macos-x86_64 0.1.1 82.00 OK
r-oldrel-windows-x86_64 0.1.1 11.00 88.00 99.00 OK

Check Details

Version: 0.1.1
Check: Rd cross-references
Result: NOTE Found the following Rd file(s) with Rd \link{} targets missing package anchors: nhm.control.Rd: maxLik Please provide package anchors for all Rd \link{} targets not in the package itself and the base packages. Flavor: r-devel-windows-x86_64