Last updated on 2024-08-31 23:49:10 CEST.
Flavor | Version | Tinstall | Tcheck | Ttotal | Status | Flags |
---|---|---|---|---|---|---|
r-devel-linux-x86_64-debian-clang | 0.3 | 61.31 | 316.23 | 377.54 | OK | |
r-devel-linux-x86_64-debian-gcc | 0.3 | 34.31 | 201.17 | 235.48 | OK | |
r-devel-linux-x86_64-fedora-clang | 0.3 | 621.07 | NOTE | |||
r-devel-linux-x86_64-fedora-gcc | 0.3 | 577.77 | OK | |||
r-devel-windows-x86_64 | 0.3 | 51.00 | 260.00 | 311.00 | NOTE | |
r-patched-linux-x86_64 | 0.3 | 58.85 | 293.72 | 352.57 | OK | |
r-release-linux-x86_64 | 0.3 | 54.86 | 295.45 | 350.31 | OK | |
r-release-macos-arm64 | 0.3 | 146.00 | NOTE | |||
r-release-macos-x86_64 | 0.3 | 252.00 | NOTE | |||
r-release-windows-x86_64 | 0.3 | 57.00 | 257.00 | 314.00 | NOTE | |
r-oldrel-macos-arm64 | 0.3 | 187.00 | NOTE | |||
r-oldrel-macos-x86_64 | 0.3 | 316.00 | NOTE | |||
r-oldrel-windows-x86_64 | 0.3 | 73.00 | 339.00 | 412.00 | NOTE |
Version: 0.3
Check: installed package size
Result: NOTE
installed size is 6.2Mb
sub-directories of 1Mb or more:
doc 1.2Mb
extdata 3.7Mb
Flavors: r-devel-linux-x86_64-fedora-clang, r-devel-windows-x86_64, r-release-macos-arm64, r-release-macos-x86_64, r-release-windows-x86_64, r-oldrel-macos-arm64, r-oldrel-macos-x86_64, r-oldrel-windows-x86_64