Last updated on 2024-05-05 17:54:01 CEST.
Flavor | Version | Tinstall | Tcheck | Ttotal | Status | Flags |
---|---|---|---|---|---|---|
r-devel-linux-x86_64-debian-clang | 1.1.0 | 2.75 | 39.22 | 41.97 | NOTE | |
r-devel-linux-x86_64-debian-gcc | 1.1.0 | 2.16 | 30.87 | 33.03 | NOTE | |
r-devel-linux-x86_64-fedora-clang | 1.1.0 | 81.64 | OK | |||
r-devel-linux-x86_64-fedora-gcc | 1.1.0 | 92.06 | OK | |||
r-devel-windows-x86_64 | 1.1.0 | 3.00 | 87.00 | 90.00 | OK | |
r-patched-linux-x86_64 | 1.1.0 | 3.75 | 37.77 | 41.52 | NOTE | |
r-release-linux-x86_64 | 1.1.0 | 2.80 | 39.52 | 42.32 | NOTE | |
r-release-macos-arm64 | 1.1.0 | 27.00 | NOTE | |||
r-release-windows-x86_64 | 1.1.0 | 4.00 | 86.00 | 90.00 | OK | |
r-oldrel-macos-arm64 | 1.1.0 | 28.00 | NOTE | |||
r-oldrel-macos-x86_64 | 1.1.0 | 42.00 | NOTE | |||
r-oldrel-windows-x86_64 | 1.1.0 | 5.00 | 69.00 | 74.00 | NOTE |
Version: 1.1.0
Check: package dependencies
Result: NOTE
Package suggested but not available for checking: ‘INLA’
Flavors: r-devel-linux-x86_64-debian-clang, r-devel-linux-x86_64-debian-gcc, r-patched-linux-x86_64, r-release-linux-x86_64, r-release-macos-arm64, r-oldrel-macos-arm64, r-oldrel-macos-x86_64, r-oldrel-windows-x86_64