CRAN Package Check Results for Package nmadb

Last updated on 2021-04-21 05:48:44 CEST.

Flavor Version Tinstall Tcheck Ttotal Status Flags
r-devel-linux-x86_64-debian-clang 1.2.0 2.29 32.87 35.16 OK
r-devel-linux-x86_64-debian-gcc 1.2.0 1.80 25.88 27.68 OK
r-devel-linux-x86_64-fedora-clang 1.2.0 52.29 NOTE
r-devel-linux-x86_64-fedora-gcc 1.2.0 42.07 NOTE
r-devel-windows-ix86+x86_64 1.2.0 6.00 29.00 35.00 OK
r-devel-windows-x86_64-gcc10-UCRT 1.2.0 NOTE
r-patched-linux-x86_64 1.2.0 2.31 32.53 34.84 OK
r-patched-solaris-x86 1.2.0 66.80 NOTE
r-release-linux-x86_64 1.2.0 2.24 33.16 35.40 OK
r-release-macos-x86_64 1.2.0 NOTE
r-release-windows-ix86+x86_64 1.2.0 6.00 39.00 45.00 OK
r-oldrel-macos-x86_64 1.2.0 NOTE
r-oldrel-windows-ix86+x86_64 1.2.0 4.00 46.00 50.00 OK

Check Details

Version: 1.2.0
Check: dependencies in R code
Result: NOTE
    Namespaces in Imports field not imported from:
     ‘devtools’ ‘jsonlite’
     All declared Imports should be used.
Flavors: r-devel-linux-x86_64-fedora-clang, r-devel-linux-x86_64-fedora-gcc, r-devel-windows-x86_64-gcc10-UCRT, r-patched-solaris-x86, r-release-macos-x86_64, r-oldrel-macos-x86_64