Last updated on 2023-09-24 05:53:16 CEST.
Flavor | Version | Tinstall | Tcheck | Ttotal | Status | Flags |
---|---|---|---|---|---|---|
r-devel-linux-x86_64-debian-clang | 0.4.7 | 7.61 | 83.92 | 91.53 | OK | |
r-devel-linux-x86_64-debian-gcc | 0.4.7 | 5.95 | 62.87 | 68.82 | OK | |
r-devel-linux-x86_64-fedora-clang | 0.4.7 | 116.45 | NOTE | |||
r-devel-linux-x86_64-fedora-gcc | 0.4.7 | 131.03 | OK | |||
r-devel-windows-x86_64 | 0.4.7 | 11.00 | 109.00 | 120.00 | OK | |
r-patched-linux-x86_64 | 0.4.7 | 8.41 | 79.10 | 87.51 | OK | |
r-release-linux-x86_64 | 0.4.7 | 8.40 | 79.38 | 87.78 | OK | |
r-release-macos-arm64 | 0.4.7 | 47.00 | OK | |||
r-release-macos-x86_64 | 0.4.7 | 82.00 | OK | |||
r-release-windows-x86_64 | 0.4.7 | 15.00 | 97.00 | 112.00 | OK | |
r-oldrel-macos-arm64 | 0.4.7 | 41.00 | OK | |||
r-oldrel-macos-x86_64 | 0.4.7 | 51.00 | OK | |||
r-oldrel-windows-x86_64 | 0.4.7 | 13.00 | 117.00 | 130.00 | OK |
Version: 0.4.7
Check: Rd cross-references
Result: NOTE
Undeclared package ‘sfheaders’ in Rd xrefs
Flavor: r-devel-linux-x86_64-fedora-clang