CRAN Package Check Results for Package nnlib2Rcpp

Last updated on 2021-07-27 11:51:10 CEST.

Flavor Version Tinstall Tcheck Ttotal Status Flags
r-devel-linux-x86_64-debian-clang 0.1.7 166.68 54.38 221.06 OK
r-devel-linux-x86_64-debian-gcc 0.1.7 109.74 42.97 152.71 OK
r-devel-linux-x86_64-fedora-clang 0.1.7 337.76 NOTE
r-devel-linux-x86_64-fedora-gcc 0.1.7 290.86 OK
r-devel-windows-x86_64 0.1.7 196.00 98.00 294.00 OK
r-devel-windows-x86_64-gcc10-UCRT 0.1.7 OK
r-patched-linux-x86_64 0.1.7 130.58 52.56 183.14 OK
r-patched-solaris-x86 0.1.7 269.40 OK
r-release-linux-x86_64 0.1.7 128.60 52.84 181.44 OK
r-release-macos-arm64 0.1.7 NOTE
r-release-macos-x86_64 0.1.7 NOTE
r-release-windows-ix86+x86_64 0.1.7 381.00 95.00 476.00 OK
r-oldrel-macos-x86_64 0.1.7 NOTE
r-oldrel-windows-ix86+x86_64 0.1.7 270.00 125.00 395.00 OK

Check Details

Version: 0.1.7
Check: installed package size
Result: NOTE
     installed size is 8.5Mb
     sub-directories of 1Mb or more:
     libs 7.9Mb
Flavors: r-devel-linux-x86_64-fedora-clang, r-release-macos-arm64, r-release-macos-x86_64, r-oldrel-macos-x86_64