CRAN Package Check Results for Package noctua

Last updated on 2024-02-22 00:58:36 CET.

Flavor Version Tinstall Tcheck Ttotal Status Flags
r-devel-linux-x86_64-debian-clang 2.6.2 NOTE
r-devel-linux-x86_64-debian-gcc 2.6.2 6.56 72.83 79.39 NOTE
r-devel-linux-x86_64-fedora-clang 2.6.2 131.28 NOTE
r-devel-linux-x86_64-fedora-gcc 2.6.2 134.48 OK
r-devel-windows-x86_64 2.6.2 8.00 99.00 107.00 OK
r-patched-linux-x86_64 2.6.2 13.80 95.62 109.42 OK
r-release-linux-x86_64 2.6.2 5.79 94.55 100.34 OK
r-release-macos-arm64 2.6.2 49.00 OK
r-release-macos-x86_64 2.6.2 72.00 OK
r-release-windows-x86_64 2.6.2 11.00 110.00 121.00 OK
r-oldrel-macos-arm64 2.6.2 41.00 OK
r-oldrel-windows-x86_64 2.6.2 14.00 107.00 121.00 OK

Check Details

Version: 2.6.2
Check: package dependencies
Result: NOTE Package suggested but not available for checking: ‘arrow’ Flavors: r-devel-linux-x86_64-debian-clang, r-devel-linux-x86_64-fedora-clang

Version: 2.6.2
Check: Rd files
Result: NOTE checkRd: (-1) dbConnect-AthenaDriver-method.Rd:108-110: Lost braces in \itemize; meant \describe ? checkRd: (-1) dbConnect-AthenaDriver-method.Rd:111-113: Lost braces in \itemize; meant \describe ? checkRd: (-1) dbConnect-AthenaDriver-method.Rd:114-117: Lost braces in \itemize; meant \describe ? checkRd: (-1) dbConnect-AthenaDriver-method.Rd:118-120: Lost braces in \itemize; meant \describe ? checkRd: (-1) dbConnect-AthenaDriver-method.Rd:121-124: Lost braces in \itemize; meant \describe ? checkRd: (-1) dbConnect-AthenaDriver-method.Rd:125: Lost braces in \itemize; meant \describe ? Flavors: r-devel-linux-x86_64-debian-clang, r-devel-linux-x86_64-debian-gcc