Last updated on 2024-08-16 11:49:46 CEST.
Flavor | Version | Tinstall | Tcheck | Ttotal | Status | Flags |
---|---|---|---|---|---|---|
r-devel-linux-x86_64-debian-clang | 0.4.1 | 2.75 | 42.47 | 45.22 | OK | |
r-devel-linux-x86_64-debian-gcc | 0.4.1 | 2.02 | 31.85 | 33.87 | OK | |
r-devel-linux-x86_64-fedora-clang | 0.4.1 | 73.39 | NOTE | |||
r-devel-linux-x86_64-fedora-gcc | 0.4.1 | 81.59 | NOTE | |||
r-devel-windows-x86_64 | 0.4.1 | 4.00 | 79.00 | 83.00 | OK | |
r-patched-linux-x86_64 | 0.4.1 | 3.69 | 40.45 | 44.14 | OK | |
r-release-linux-x86_64 | 0.4.1 | 2.78 | 40.24 | 43.02 | OK | |
r-release-macos-arm64 | 0.4.1 | 61.00 | OK | |||
r-release-macos-x86_64 | 0.4.1 | 111.00 | OK | |||
r-release-windows-x86_64 | 0.4.1 | 5.00 | 78.00 | 83.00 | OK | |
r-oldrel-macos-arm64 | 0.4.1 | 64.00 | OK | |||
r-oldrel-macos-x86_64 | 0.4.1 | 89.00 | OK | |||
r-oldrel-windows-x86_64 | 0.4.1 | 5.00 | 82.00 | 87.00 | OK |
Version: 0.4.1
Check: data for non-ASCII characters
Result: NOTE
Note: found 4 marked UTF-8 strings
Flavors: r-devel-linux-x86_64-fedora-clang, r-devel-linux-x86_64-fedora-gcc