CRAN Package Check Results for Package nonlinearTseries

Last updated on 2019-06-23 11:48:17 CEST.

Flavor Version Tinstall Tcheck Ttotal Status Flags
r-devel-linux-x86_64-debian-clang 0.2.6 119.84 100.17 220.01 OK
r-devel-linux-x86_64-debian-gcc 0.2.6 88.68 79.67 168.35 OK
r-devel-linux-x86_64-fedora-clang 0.2.6 325.61 OK
r-devel-linux-x86_64-fedora-gcc 0.2.6 284.60 OK
r-devel-windows-ix86+x86_64 0.2.6 348.00 163.00 511.00 OK
r-patched-linux-x86_64 0.2.6 110.02 100.45 210.47 OK
r-patched-solaris-x86 0.2.6 333.80 OK
r-release-linux-x86_64 0.2.6 110.72 100.63 211.35 OK
r-release-windows-ix86+x86_64 0.2.6 238.00 216.00 454.00 OK
r-release-osx-x86_64 0.2.6 WARN
r-oldrel-windows-ix86+x86_64 0.2.6 215.00 216.00 431.00 OK
r-oldrel-osx-x86_64 0.2.6 OK

Check Details

Version: 0.2.6
Check: whether package can be installed
Result: WARN
    Found the following significant warnings:
     Warning: 'rgl_init' failed, running with rgl.useNULL = TRUE
Flavor: r-release-osx-x86_64