Last updated on 2021-03-06 11:48:47 CET.
Flavor | Version | Tinstall | Tcheck | Ttotal | Status | Flags |
---|---|---|---|---|---|---|
r-devel-linux-x86_64-debian-clang | 1.02 | 2.31 | 27.02 | 29.33 | NOTE | |
r-devel-linux-x86_64-debian-gcc | 1.02 | 1.81 | 21.27 | 23.08 | NOTE | |
r-devel-linux-x86_64-fedora-clang | 1.02 | 45.11 | NOTE | |||
r-devel-linux-x86_64-fedora-gcc | 1.02 | 34.91 | NOTE | |||
r-devel-windows-ix86+x86_64 | 1.02 | 6.00 | 47.00 | 53.00 | OK | |
r-patched-linux-x86_64 | 1.02 | NOTE | ||||
r-patched-solaris-x86 | 1.02 | 58.50 | OK | |||
r-release-linux-x86_64 | 1.02 | 2.41 | 25.83 | 28.24 | NOTE | |
r-release-macos-x86_64 | 1.02 | OK | ||||
r-release-windows-ix86+x86_64 | 1.02 | 6.00 | 32.00 | 38.00 | OK | |
r-oldrel-macos-x86_64 | 1.02 | OK | ||||
r-oldrel-windows-ix86+x86_64 | 1.02 | 3.00 | 28.00 | 31.00 | OK |
Version: 1.02
Check: Rd line widths
Result: NOTE
Rd file 'notifyR-package.Rd':
\examples lines wider than 100 characters:
send_push(userkey,message="finished.",title="World Simulation",url="http://www.myRresults.com/",url_title="View Results online.",priori ... [TRUNCATED]
Rd file 'send_push.Rd':
\usage lines wider than 90 characters:
send_push(user, message, title = "", device = "", url = "", url_title = "", priority = FALSE, timestamp = Sys.time())
\examples lines wider than 100 characters:
send_push(userkey,message="finished.",title="World Simulation",url="http://www.myRresults.com/",url_title="View Results online.",priori ... [TRUNCATED]
These lines will be truncated in the PDF manual.
Flavors: r-devel-linux-x86_64-debian-clang, r-devel-linux-x86_64-debian-gcc, r-devel-linux-x86_64-fedora-clang, r-devel-linux-x86_64-fedora-gcc, r-patched-linux-x86_64, r-release-linux-x86_64