CRAN Package Check Results for Package nparcomp

Last updated on 2021-10-21 11:53:10 CEST.

Flavor Version Tinstall Tcheck Ttotal Status Flags
r-devel-linux-x86_64-debian-clang 3.0 13.11 83.35 96.46 OK
r-devel-linux-x86_64-debian-gcc 3.0 9.87 63.79 73.66 OK
r-devel-linux-x86_64-fedora-clang 3.0 130.15 OK
r-devel-linux-x86_64-fedora-gcc 3.0 111.92 OK
r-devel-windows-x86_64 3.0 18.00 117.00 135.00 OK
r-devel-windows-x86_64-gcc10-UCRT 3.0 OK
r-patched-linux-x86_64 3.0 11.45 79.80 91.25 OK
r-patched-solaris-x86 3.0 159.50 OK
r-release-linux-x86_64 3.0 10.73 80.42 91.15 OK
r-release-macos-arm64 3.0 OK
r-release-macos-x86_64 3.0 OK
r-release-windows-ix86+x86_64 3.0 19.00 109.00 128.00 OK
r-oldrel-macos-x86_64 3.0 OK
r-oldrel-windows-ix86+x86_64 3.0 17.00 10.00 27.00 ERROR

Check Details

Version: 3.0
Check: whether package can be installed
Result: ERROR
    Installation failed.
Flavor: r-oldrel-windows-ix86+x86_64