CRAN Package Check Results for Package nprcgenekeepr

Last updated on 2022-01-26 11:53:45 CET.

Flavor Version Tinstall Tcheck Ttotal Status Flags
r-devel-linux-x86_64-debian-clang 1.0.5 15.13 207.21 222.34 OK
r-devel-linux-x86_64-debian-gcc 1.0.5 14.50 155.83 170.33 OK
r-devel-linux-x86_64-fedora-clang 1.0.5 258.22 NOTE
r-devel-linux-x86_64-fedora-gcc 1.0.5 267.12 NOTE
r-devel-windows-x86_64-new-UL 1.0.5 787.00 272.00 1059.00 OK
r-devel-windows-x86_64-new-TK 1.0.5 NOTE
r-patched-linux-x86_64 1.0.5 14.25 189.65 203.90 OK
r-release-linux-x86_64 1.0.5 16.35 191.85 208.20 OK
r-release-macos-arm64 1.0.5 NOTE
r-release-macos-x86_64 1.0.5 NOTE
r-release-windows-ix86+x86_64 1.0.5 32.00 238.00 270.00 OK
r-oldrel-macos-x86_64 1.0.5 NOTE
r-oldrel-windows-ix86+x86_64 1.0.5 33.00 246.00 279.00 OK

Check Details

Version: 1.0.5
Check: dependencies in R code
Result: NOTE
    Namespace in Imports field not imported from: ‘rlang’
     All declared Imports should be used.
Flavors: r-devel-linux-x86_64-fedora-clang, r-devel-linux-x86_64-fedora-gcc, r-devel-windows-x86_64-new-TK, r-release-macos-arm64, r-release-macos-x86_64, r-oldrel-macos-x86_64