CRAN Package Check Results for Package nproc

Last updated on 2024-04-13 00:06:41 CEST.

Flavor Version Tinstall Tcheck Ttotal Status Flags
r-devel-linux-x86_64-debian-clang 2.1.5 11.09 133.35 144.44 NOTE
r-devel-linux-x86_64-debian-gcc 2.1.5 7.84 92.63 100.47 NOTE
r-devel-linux-x86_64-fedora-clang 2.1.5 176.80 NOTE
r-devel-linux-x86_64-fedora-gcc 2.1.5 187.80 NOTE
r-devel-windows-x86_64 2.1.5 8.00 120.00 128.00 NOTE
r-patched-linux-x86_64 2.1.5 7.25 136.24 143.49 NOTE
r-release-linux-x86_64 2.1.5 8.68 128.24 136.92 NOTE
r-release-macos-arm64 2.1.5 59.00 NOTE
r-release-macos-x86_64 2.1.5 92.00 NOTE
r-release-windows-x86_64 2.1.5 11.00 138.00 149.00 NOTE
r-oldrel-macos-arm64 2.1.5 48.00 NOTE
r-oldrel-windows-x86_64 2.1.5 11.00 142.00 153.00 NOTE

Check Details

Version: 2.1.5
Check: LazyData
Result: NOTE 'LazyData' is specified without a 'data' directory Flavors: r-devel-linux-x86_64-debian-clang, r-devel-linux-x86_64-debian-gcc, r-devel-linux-x86_64-fedora-clang, r-devel-linux-x86_64-fedora-gcc, r-devel-windows-x86_64, r-patched-linux-x86_64, r-release-linux-x86_64, r-release-macos-arm64, r-release-macos-x86_64, r-release-windows-x86_64, r-oldrel-macos-arm64, r-oldrel-windows-x86_64