Last updated on 2023-03-21 11:53:55 CET.
Flavor | Version | Tinstall | Tcheck | Ttotal | Status | Flags |
---|---|---|---|---|---|---|
r-devel-linux-x86_64-debian-clang | 0.7-15 | 27.59 | 186.23 | 213.82 | NOTE | |
r-devel-linux-x86_64-debian-gcc | 0.7-15 | 23.56 | 140.67 | 164.23 | NOTE | |
r-devel-linux-x86_64-fedora-clang | 0.7-15 | 260.11 | NOTE | |||
r-devel-linux-x86_64-fedora-gcc | 0.7-15 | 263.81 | NOTE | |||
r-patched-linux-x86_64 | 0.7-15 | 27.66 | 175.01 | 202.67 | OK | |
r-release-linux-x86_64 | 0.7-15 | 22.03 | 173.33 | 195.36 | OK | |
r-release-macos-arm64 | 0.7-15 | 92.00 | OK | |||
r-release-macos-x86_64 | 0.7-15 | 127.00 | OK | |||
r-release-windows-x86_64 | 0.7-15 | 64.00 | 235.00 | 299.00 | OK | |
r-oldrel-macos-arm64 | 0.7-15 | 112.00 | OK | |||
r-oldrel-macos-x86_64 | 0.7-15 | 272.00 | OK | |||
r-oldrel-windows-ix86+x86_64 | 0.7-15 | 72.00 | 176.00 | 248.00 | OK |
Version: 0.7-15
Check: Rd files
Result: NOTE
checkRd: (-1) Ardechedata.Rd:18: Escaped LaTeX specials: \_
checkRd: (-1) nsRFA-package.Rd:231: Escaped LaTeX specials: \&
Flavors: r-devel-linux-x86_64-debian-clang, r-devel-linux-x86_64-debian-gcc, r-devel-linux-x86_64-fedora-clang, r-devel-linux-x86_64-fedora-gcc