Last updated on 2024-08-16 11:49:46 CEST.
Flavor | Version | Tinstall | Tcheck | Ttotal | Status | Flags |
---|---|---|---|---|---|---|
r-devel-linux-x86_64-debian-clang | 1.21 | 16.83 | 71.40 | 88.23 | NOTE | |
r-devel-linux-x86_64-debian-gcc | 1.21 | 12.41 | 53.31 | 65.72 | NOTE | |
r-devel-linux-x86_64-fedora-clang | 1.21 | 142.34 | OK | |||
r-devel-linux-x86_64-fedora-gcc | 1.21 | 135.93 | OK | |||
r-devel-windows-x86_64 | 1.21 | 20.00 | 94.00 | 114.00 | NOTE | |
r-patched-linux-x86_64 | 1.21 | 22.59 | 67.48 | 90.07 | OK | |
r-release-linux-x86_64 | 1.21 | 15.57 | 67.49 | 83.06 | OK | |
r-release-macos-arm64 | 1.21 | 45.00 | OK | |||
r-release-macos-x86_64 | 1.21 | 72.00 | OK | |||
r-release-windows-x86_64 | 1.21 | 20.00 | 98.00 | 118.00 | OK | |
r-oldrel-macos-arm64 | 1.21 | 50.00 | OK | |||
r-oldrel-macos-x86_64 | 1.21 | 68.00 | OK | |||
r-oldrel-windows-x86_64 | 1.21 | 26.00 | 122.00 | 148.00 | OK |
Version: 1.21
Check: Rd cross-references
Result: NOTE
Found the following Rd file(s) with Rd \link{} targets missing package
anchors:
nse.andrews.Rd: sandwich
nse.boot.Rd: np
nse.geyer.Rd: mcmc, mcmcse
nse.hiruk.Rd: sandwich
nse.nw.Rd: sandwich
Please provide package anchors for all Rd \link{} targets not in the
package itself and the base packages.
Flavors: r-devel-linux-x86_64-debian-clang, r-devel-linux-x86_64-debian-gcc, r-devel-windows-x86_64