Last updated on 2024-05-07 23:53:48 CEST.
Flavor | Version | Tinstall | Tcheck | Ttotal | Status | Flags |
---|---|---|---|---|---|---|
r-devel-linux-x86_64-debian-clang | 0.0.3 | 13.81 | 104.67 | 118.48 | OK | |
r-devel-linux-x86_64-debian-gcc | 0.0.3 | 9.77 | 78.02 | 87.79 | OK | |
r-devel-linux-x86_64-fedora-clang | 0.0.3 | 146.83 | NOTE | |||
r-devel-linux-x86_64-fedora-gcc | 0.0.3 | 198.54 | NOTE | |||
r-devel-windows-x86_64 | 0.0.3 | 11.00 | 90.00 | 101.00 | OK | |
r-patched-linux-x86_64 | 0.0.3 | 11.78 | 100.28 | 112.06 | OK | |
r-release-linux-x86_64 | 0.0.3 | 7.84 | 98.08 | 105.92 | OK | |
r-release-macos-arm64 | 0.0.3 | 39.00 | OK | |||
r-release-windows-x86_64 | 0.0.3 | 12.00 | 91.00 | 103.00 | OK | |
r-oldrel-macos-arm64 | 0.0.3 | 70.00 | OK | |||
r-oldrel-macos-x86_64 | 0.0.3 | 82.00 | OK | |||
r-oldrel-windows-x86_64 | 0.0.3 | 15.00 | 109.00 | 124.00 | OK |
Version: 0.0.3
Check: dependencies in R code
Result: NOTE
Namespace in Imports field not imported from: ‘xgboost’
All declared Imports should be used.
Flavors: r-devel-linux-x86_64-fedora-clang, r-devel-linux-x86_64-fedora-gcc