Last updated on 2024-04-18 11:51:09 CEST.
Flavor | Version | Tinstall | Tcheck | Ttotal | Status | Flags |
---|---|---|---|---|---|---|
r-devel-linux-x86_64-debian-clang | 0.1.1 | 3.57 | 27.38 | 30.95 | NOTE | |
r-devel-linux-x86_64-debian-gcc | 0.1.1 | 2.53 | 20.49 | 23.02 | NOTE | |
r-devel-linux-x86_64-fedora-clang | 0.1.1 | 38.68 | NOTE | |||
r-devel-linux-x86_64-fedora-gcc | 0.1.1 | 37.17 | NOTE | |||
r-prerel-macos-arm64 | 0.1.1 | 16.00 | NOTE | |||
r-prerel-windows-x86_64 | 0.1.1 | 3.00 | 39.00 | 42.00 | NOTE | |
r-patched-linux-x86_64 | 0.1.1 | 3.28 | 25.44 | 28.72 | NOTE | |
r-release-linux-x86_64 | 0.1.1 | 2.60 | 26.72 | 29.32 | NOTE | |
r-release-macos-arm64 | 0.1.1 | 16.00 | NOTE | |||
r-release-macos-x86_64 | 0.1.1 | 23.00 | NOTE | |||
r-release-windows-x86_64 | 0.1.1 | 4.00 | 41.00 | 45.00 | NOTE | |
r-oldrel-macos-arm64 | 0.1.1 | 16.00 | NOTE | |||
r-oldrel-windows-x86_64 | 0.1.1 | 7.00 | 44.00 | 51.00 | NOTE |
Version: 0.1.1
Check: LazyData
Result: NOTE
'LazyData' is specified without a 'data' directory
Flavors: r-devel-linux-x86_64-debian-clang, r-devel-linux-x86_64-debian-gcc, r-devel-linux-x86_64-fedora-clang, r-devel-linux-x86_64-fedora-gcc, r-prerel-macos-arm64, r-prerel-windows-x86_64, r-patched-linux-x86_64, r-release-linux-x86_64, r-release-macos-arm64, r-release-macos-x86_64, r-release-windows-x86_64, r-oldrel-macos-arm64, r-oldrel-windows-x86_64