Last updated on 2023-03-31 05:54:30 CEST.
Flavor | Version | Tinstall | Tcheck | Ttotal | Status | Flags |
---|---|---|---|---|---|---|
r-devel-linux-x86_64-debian-clang | 0.8-5 | 4.49 | 42.10 | 46.59 | OK | |
r-devel-linux-x86_64-debian-gcc | 0.8-5 | 3.39 | 31.18 | 34.57 | OK | |
r-devel-linux-x86_64-fedora-clang | 0.8-5 | 56.86 | OK | |||
r-devel-linux-x86_64-fedora-gcc | 0.8-5 | 53.83 | OK | |||
r-devel-windows-x86_64 | 0.8-5 | 53.00 | 0.00 | 53.00 | OK | |
r-patched-linux-x86_64 | 0.8-5 | 6.10 | 40.20 | 46.30 | OK | |
r-release-linux-x86_64 | 0.8-5 | 4.13 | 39.14 | 43.27 | OK | |
r-release-macos-arm64 | 0.8-5 | 29.00 | ERROR | |||
r-release-macos-x86_64 | 0.8-5 | 49.00 | ERROR | |||
r-release-windows-x86_64 | 0.8-5 | 40.00 | 79.00 | 119.00 | OK | |
r-oldrel-macos-arm64 | 0.8-5 | 33.00 | ERROR | |||
r-oldrel-macos-x86_64 | 0.8-5 | 53.00 | ERROR | |||
r-oldrel-windows-ix86+x86_64 | 0.8-5 | 12.00 | 67.00 | 79.00 | ERROR |
Version: 0.8-5
Check: PDF version of manual
Result: WARN
LaTeX errors when creating PDF version.
This typically indicates Rd problems.
LaTeX errors found:
! Undefined control sequence.
<argument> x_i = a_i \, \mod
\, m_i, \quad 1 \le i \le n
l.562 ...i \, \mod \, m_i, \quad 1 \le i \le n }{}
! Undefined control sequence.
<argument> a_i = a_j \, \mod
\, \gcd (m_i, m_j)
l.566 \deqn{a_i = a_j \, \mod \, \gcd(m_i, m_j)}{}
Flavors: r-release-macos-arm64, r-release-macos-x86_64
Version: 0.8-5
Check: PDF version of manual without index
Result: ERROR
Flavors: r-release-macos-arm64, r-release-macos-x86_64
Version: 0.8-5
Check: PDF version of manual
Result: WARN
LaTeX errors when creating PDF version.
This typically indicates Rd problems.
LaTeX errors found:
! Undefined control sequence.
<argument> x_i = a_i \, \mod
\, m_i, \quad 1 \le i \le n
l.560 ...i \, \mod \, m_i, \quad 1 \le i \le n }{}
! Undefined control sequence.
<argument> a_i = a_j \, \mod
\, \gcd (m_i, m_j)
l.564 \deqn{a_i = a_j \, \mod \, \gcd(m_i, m_j)}{}
Flavors: r-oldrel-macos-arm64, r-oldrel-macos-x86_64, r-oldrel-windows-ix86+x86_64
Version: 0.8-5
Check: PDF version of manual without hyperrefs or index
Result: ERROR
Flavors: r-oldrel-macos-arm64, r-oldrel-macos-x86_64, r-oldrel-windows-ix86+x86_64