CRAN Package Check Results for Package nycflights13

Last updated on 2022-01-22 11:51:06 CET.

Flavor Version Tinstall Tcheck Ttotal Status Flags
r-devel-linux-x86_64-debian-clang 1.0.2 16.28 62.13 78.41 OK
r-devel-linux-x86_64-debian-gcc 1.0.2 16.10 50.37 66.47 OK
r-devel-linux-x86_64-fedora-clang 1.0.2 105.46 OK
r-devel-linux-x86_64-fedora-gcc 1.0.2 92.64 OK
r-devel-windows-x86_64-new-UL 1.0.2 36.00 81.00 117.00 OK
r-devel-windows-x86_64-new-TK 1.0.2 OK
r-patched-linux-x86_64 1.0.2 18.05 59.75 77.80 OK
r-release-linux-x86_64 1.0.2 16.98 60.67 77.65 OK
r-release-macos-arm64 1.0.2 NOTE
r-release-macos-x86_64 1.0.2 OK
r-release-windows-ix86+x86_64 1.0.2 30.00 74.00 104.00 OK
r-oldrel-macos-x86_64 1.0.2 OK
r-oldrel-windows-ix86+x86_64 1.0.2 30.00 73.00 103.00 OK

Check Details

Version: 1.0.2
Check: installed package size
Result: NOTE
     installed size is 5.1Mb
     sub-directories of 1Mb or more:
     data 5.0Mb
Flavor: r-release-macos-arm64