CRAN Package Check Results for Package occupationMeasurement

Last updated on 2024-06-18 17:49:14 CEST.

Flavor Version Tinstall Tcheck Ttotal Status Flags
r-devel-linux-x86_64-debian-clang 0.3.2 12.04 89.64 101.68 OK
r-devel-linux-x86_64-debian-gcc 0.3.2 9.60 67.83 77.43 OK
r-devel-linux-x86_64-fedora-clang 0.3.2 129.00 NOTE
r-devel-linux-x86_64-fedora-gcc 0.3.2 135.86 NOTE
r-devel-windows-x86_64 0.3.2 13.00 105.00 118.00 OK
r-patched-linux-x86_64 0.3.2 12.52 88.17 100.69 OK
r-release-linux-x86_64 0.3.2 10.47 89.31 99.78 OK
r-release-macos-arm64 0.3.2 77.00 OK
r-release-macos-x86_64 0.3.2 99.00 OK
r-release-windows-x86_64 0.3.2 13.00 107.00 120.00 OK
r-oldrel-macos-arm64 0.3.2 71.00 OK
r-oldrel-macos-x86_64 0.3.2 156.00 OK
r-oldrel-windows-x86_64 0.3.2 16.00 117.00 133.00 OK

Check Details

Version: 0.3.2
Check: data for non-ASCII characters
Result: NOTE Note: found 6986 marked UTF-8 strings Flavors: r-devel-linux-x86_64-fedora-clang, r-devel-linux-x86_64-fedora-gcc