Last updated on 2023-09-21 11:56:02 CEST.
Flavor | Version | Tinstall | Tcheck | Ttotal | Status | Flags |
---|---|---|---|---|---|---|
r-devel-linux-x86_64-debian-clang | 0.2.0 | 10.74 | 101.60 | 112.34 | OK | |
r-devel-linux-x86_64-debian-gcc | 0.2.0 | 8.47 | 74.41 | 82.88 | OK | |
r-devel-linux-x86_64-fedora-clang | 0.2.0 | 135.14 | NOTE | |||
r-devel-linux-x86_64-fedora-gcc | 0.2.0 | 135.54 | NOTE | |||
r-devel-windows-x86_64 | 0.2.0 | 13.00 | 113.00 | 126.00 | OK | |
r-patched-linux-x86_64 | 0.2.0 | 10.98 | 91.72 | 102.70 | OK | |
r-release-linux-x86_64 | 0.2.0 | 10.61 | 93.97 | 104.58 | OK | |
r-release-macos-arm64 | 0.2.0 | 69.00 | OK | |||
r-release-macos-x86_64 | 0.2.0 | 95.00 | NOTE | |||
r-release-windows-x86_64 | 0.2.0 | 17.00 | 116.00 | 133.00 | OK | |
r-oldrel-macos-arm64 | 0.2.0 | 56.00 | OK | |||
r-oldrel-macos-x86_64 | 0.2.0 | 78.00 | OK | |||
r-oldrel-windows-x86_64 | 0.2.0 | 17.00 | 135.00 | 152.00 | OK |
Version: 0.2.0
Check: Rd cross-references
Result: NOTE
Undeclared package ‘stringi’ in Rd xrefs
Flavor: r-devel-linux-x86_64-fedora-clang
Version: 0.2.0
Check: data for non-ASCII characters
Result: NOTE
Note: found 6918 marked UTF-8 strings
Flavors: r-devel-linux-x86_64-fedora-clang, r-devel-linux-x86_64-fedora-gcc
Version: 0.2.0
Check: package dependencies
Result: NOTE
Package suggested but not available for checking: ‘DiagrammeR’
Flavor: r-release-macos-x86_64