Last updated on 2023-03-26 12:03:24 CEST.
Flavor | Version | Tinstall | Tcheck | Ttotal | Status | Flags |
---|---|---|---|---|---|---|
r-devel-linux-x86_64-debian-clang | 1.7-10 | 278.21 | 665.86 | 944.07 | OK | |
r-devel-linux-x86_64-debian-gcc | 1.7-10 | 211.94 | 494.11 | 706.05 | OK | |
r-devel-linux-x86_64-fedora-clang | 1.7-10 | 1306.86 | NOTE | |||
r-devel-linux-x86_64-fedora-gcc | 1.7-10 | 1185.27 | OK | |||
r-patched-linux-x86_64 | 1.7-10 | 281.82 | 630.46 | 912.28 | OK | |
r-release-linux-x86_64 | 1.7-10 | 219.81 | 556.26 | 776.07 | OK | |
r-release-macos-arm64 | 1.7-10 | 234.00 | NOTE | |||
r-release-macos-x86_64 | 1.7-10 | 325.00 | NOTE | |||
r-release-windows-x86_64 | 1.7-10 | 464.00 | 789.00 | 1253.00 | NOTE | |
r-oldrel-macos-arm64 | 1.7-10 | 214.00 | NOTE | |||
r-oldrel-macos-x86_64 | 1.7-10 | 328.00 | NOTE | |||
r-oldrel-windows-ix86+x86_64 | 1.7-10 | 593.00 | 862.00 | 1455.00 | NOTE |
Version: 1.7-10
Check: installed package size
Result: NOTE
installed size is 9.8Mb
sub-directories of 1Mb or more:
R 2.6Mb
data 1.0Mb
doc 2.0Mb
help 3.0Mb
Flavors: r-devel-linux-x86_64-fedora-clang, r-release-macos-arm64, r-release-macos-x86_64, r-release-windows-x86_64, r-oldrel-macos-arm64, r-oldrel-macos-x86_64, r-oldrel-windows-ix86+x86_64