Last updated on 2024-08-16 11:49:46 CEST.
Flavor | Version | Tinstall | Tcheck | Ttotal | Status | Flags |
---|---|---|---|---|---|---|
r-devel-linux-x86_64-debian-clang | 1.0.0 | 73.23 | 89.67 | 162.90 | OK | |
r-devel-linux-x86_64-debian-gcc | 1.0.0 | 53.74 | 67.35 | 121.09 | OK | |
r-devel-linux-x86_64-fedora-clang | 1.0.0 | 296.90 | OK | |||
r-devel-linux-x86_64-fedora-gcc | 1.0.0 | 308.01 | OK | |||
r-devel-windows-x86_64 | 1.0.0 | 98.00 | 124.00 | 222.00 | OK | |
r-patched-linux-x86_64 | 1.0.0 | 74.73 | 82.65 | 157.38 | OK | |
r-release-linux-x86_64 | 1.0.0 | 76.86 | 84.60 | 161.46 | OK | |
r-release-macos-arm64 | 1.0.0 | 77.00 | NOTE | |||
r-release-macos-x86_64 | 1.0.0 | 103.00 | NOTE | |||
r-release-windows-x86_64 | 1.0.0 | 100.00 | 124.00 | 224.00 | OK | |
r-oldrel-macos-arm64 | 1.0.0 | 104.00 | NOTE | |||
r-oldrel-macos-x86_64 | 1.0.0 | 135.00 | NOTE | |||
r-oldrel-windows-x86_64 | 1.0.0 | 116.00 | 147.00 | 263.00 | OK |
Version: 1.0.0
Check: installed package size
Result: NOTE
installed size is 5.8Mb
sub-directories of 1Mb or more:
libs 5.0Mb
Flavors: r-release-macos-arm64, r-release-macos-x86_64, r-oldrel-macos-arm64, r-oldrel-macos-x86_64