Last updated on 2022-05-17 00:51:16 CEST.
Flavor | Version | Tinstall | Tcheck | Ttotal | Status | Flags |
---|---|---|---|---|---|---|
r-devel-linux-x86_64-debian-clang | 1.3.3 | 84.06 | 69.07 | 153.13 | OK | |
r-devel-linux-x86_64-debian-gcc | 1.3.3 | 67.81 | 52.13 | 119.94 | OK | |
r-devel-linux-x86_64-fedora-clang | 1.3.3 | 221.16 | NOTE | |||
r-devel-linux-x86_64-fedora-gcc | 1.3.3 | 207.41 | OK | |||
r-devel-windows-x86_64 | 1.3.3 | 101.00 | 103.00 | 204.00 | OK | |
r-patched-linux-x86_64 | 1.3.3 | 81.13 | 65.87 | 147.00 | OK | |
r-release-linux-x86_64 | 1.3.3 | 77.86 | 65.16 | 143.02 | OK | |
r-release-macos-arm64 | 1.3.3 | 58.00 | NOTE | |||
r-release-macos-x86_64 | 1.3.3 | 75.00 | NOTE | |||
r-release-windows-x86_64 | 1.3.3 | 102.00 | 113.00 | 215.00 | OK | |
r-oldrel-macos-arm64 | 1.3.3 | 303.00 | NOTE | |||
r-oldrel-macos-x86_64 | 1.3.3 | 76.00 | NOTE | |||
r-oldrel-windows-ix86+x86_64 | 1.3.3 | 227.00 | 117.00 | 344.00 | OK |
Version: 1.3.3
Check: installed package size
Result: NOTE
installed size is 5.1Mb
sub-directories of 1Mb or more:
libs 4.6Mb
Flavors: r-devel-linux-x86_64-fedora-clang, r-release-macos-arm64, r-release-macos-x86_64, r-oldrel-macos-arm64, r-oldrel-macos-x86_64