CRAN Package Check Results for Package oddstream

Last updated on 2022-01-18 05:50:21 CET.

Flavor Version Tinstall Tcheck Ttotal Status Flags
r-devel-linux-x86_64-debian-clang 0.5.0 12.94 120.64 133.58 OK
r-devel-linux-x86_64-debian-gcc 0.5.0 11.00 92.91 103.91 OK
r-devel-linux-x86_64-fedora-clang 0.5.0 167.76 NOTE
r-devel-linux-x86_64-fedora-gcc 0.5.0 150.61 NOTE
r-devel-windows-x86_64-new-UL 0.5.0 48.00 132.00 180.00 OK
r-devel-windows-x86_64-new-TK 0.5.0 NOTE
r-patched-linux-x86_64 0.5.0 12.27 115.71 127.98 OK
r-release-linux-x86_64 0.5.0 OK
r-release-macos-arm64 0.5.0 NOTE
r-release-macos-x86_64 0.5.0 NOTE
r-release-windows-ix86+x86_64 0.5.0 32.00 133.00 165.00 OK
r-oldrel-macos-x86_64 0.5.0 NOTE
r-oldrel-windows-ix86+x86_64 0.5.0 32.00 134.00 166.00 OK

Check Details

Version: 0.5.0
Check: dependencies in R code
Result: NOTE
    Namespaces in Imports field not imported from:
     ‘RColorBrewer’ ‘graphics’
     All declared Imports should be used.
Flavors: r-devel-linux-x86_64-fedora-clang, r-devel-linux-x86_64-fedora-gcc, r-devel-windows-x86_64-new-TK, r-release-macos-arm64, r-release-macos-x86_64, r-oldrel-macos-x86_64