CRAN Package Check Results for Package odeGUTS

Last updated on 2022-01-22 11:51:06 CET.

Flavor Version Tinstall Tcheck Ttotal Status Flags
r-devel-linux-x86_64-debian-clang 1.0.1 3.62 36.31 39.93 OK
r-devel-linux-x86_64-debian-gcc 1.0.1 2.37 28.35 30.72 OK
r-devel-linux-x86_64-fedora-clang 1.0.1 49.74 OK
r-devel-linux-x86_64-fedora-gcc 1.0.1 37.75 OK
r-devel-windows-x86_64-new-UL 1.0.1 29.00 55.00 84.00 OK
r-devel-windows-x86_64-new-TK 1.0.1 OK
r-patched-linux-x86_64 1.0.1 3.27 34.63 37.90 OK
r-release-linux-x86_64 1.0.1 3.32 34.23 37.55 OK
r-release-macos-arm64 1.0.1 NOTE
r-release-macos-x86_64 1.0.1 OK
r-release-windows-ix86+x86_64 1.0.1 12.00 53.00 65.00 OK
r-oldrel-macos-x86_64 1.0.1 OK
r-oldrel-windows-ix86+x86_64 1.0.1 10.00 55.00 65.00 OK

Check Details

Version: 1.0.1
Check: package dependencies
Result: NOTE
    Package suggested but not available for checking: ‘morse’
Flavor: r-release-macos-arm64