CRAN Package Check Results for Package oem

Last updated on 2021-06-23 11:52:51 CEST.

Flavor Version Tinstall Tcheck Ttotal Status Flags
r-devel-linux-x86_64-debian-clang 2.0.10 389.92 222.30 612.22 NOTE
r-devel-linux-x86_64-debian-gcc 2.0.10 304.56 161.57 466.13 NOTE
r-devel-linux-x86_64-fedora-clang 2.0.10 813.60 NOTE
r-devel-linux-x86_64-fedora-gcc 2.0.10 808.81 NOTE
r-devel-windows-x86_64 2.0.10 392.00 209.00 601.00 NOTE
r-devel-windows-x86_64-gcc10-UCRT 2.0.10 NOTE
r-patched-linux-x86_64 2.0.10 351.43 219.05 570.48 NOTE
r-patched-solaris-x86 2.0.10 983.70 NOTE
r-release-linux-x86_64 2.0.10 333.79 207.11 540.90 NOTE
r-release-macos-arm64 2.0.10 NOTE
r-release-macos-x86_64 2.0.10 NOTE
r-release-windows-ix86+x86_64 2.0.10 602.00 353.00 955.00 NOTE
r-oldrel-macos-x86_64 2.0.10 NOTE

Check Details

Version: 2.0.10
Check: LazyData
Result: NOTE
     'LazyData' is specified without a 'data' directory
Flavors: r-devel-linux-x86_64-debian-clang, r-devel-linux-x86_64-debian-gcc, r-devel-linux-x86_64-fedora-clang, r-devel-linux-x86_64-fedora-gcc, r-devel-windows-x86_64, r-devel-windows-x86_64-gcc10-UCRT, r-patched-linux-x86_64, r-patched-solaris-x86, r-release-linux-x86_64, r-release-macos-arm64, r-release-macos-x86_64, r-release-windows-ix86+x86_64

Version: 2.0.10
Check: installed package size
Result: NOTE
     installed size is 86.8Mb
     sub-directories of 1Mb or more:
     libs 86.3Mb
Flavors: r-devel-linux-x86_64-fedora-clang, r-release-macos-arm64, r-release-macos-x86_64, r-oldrel-macos-x86_64