CRAN Package Check Results for Package oenb

Last updated on 2024-05-22 12:21:30 CEST.

Flavor Version Tinstall Tcheck Ttotal Status Flags
r-devel-linux-x86_64-debian-clang 0.0.2 2.22 27.08 29.30 NOTE
r-devel-linux-x86_64-debian-gcc 0.0.2 1.85 21.31 23.16 NOTE
r-devel-linux-x86_64-fedora-clang 0.0.2 38.90 NOTE
r-devel-linux-x86_64-fedora-gcc 0.0.2 48.74 NOTE
r-devel-windows-x86_64 0.0.2 4.00 44.00 48.00 NOTE
r-patched-linux-x86_64 0.0.2 1.61 26.93 28.54 NOTE
r-release-linux-x86_64 0.0.2 1.52 26.00 27.52 NOTE
r-release-macos-arm64 0.0.2 23.00 NOTE
r-release-windows-x86_64 0.0.2 4.00 44.00 48.00 NOTE
r-oldrel-macos-arm64 0.0.2 26.00 NOTE
r-oldrel-macos-x86_64 0.0.2 32.00 NOTE
r-oldrel-windows-x86_64 0.0.2 3.00 45.00 48.00 NOTE

Check Details

Version: 0.0.2
Check: LazyData
Result: NOTE 'LazyData' is specified without a 'data' directory Flavors: r-devel-linux-x86_64-debian-clang, r-devel-linux-x86_64-debian-gcc, r-devel-linux-x86_64-fedora-clang, r-devel-linux-x86_64-fedora-gcc, r-devel-windows-x86_64, r-patched-linux-x86_64, r-release-linux-x86_64, r-release-macos-arm64, r-release-windows-x86_64, r-oldrel-macos-arm64, r-oldrel-macos-x86_64, r-oldrel-windows-x86_64