Last updated on 2024-04-23 11:55:51 CEST.
Flavor | Version | Tinstall | Tcheck | Ttotal | Status | Flags |
---|---|---|---|---|---|---|
r-devel-linux-x86_64-debian-clang | 0.5.0 | 0.53 | 2.33 | 2.86 | ERROR | |
r-devel-linux-x86_64-debian-gcc | 0.5.0 | 6.48 | 71.06 | 77.54 | OK | |
r-devel-linux-x86_64-fedora-clang | 0.5.0 | 135.92 | OK | |||
r-devel-linux-x86_64-fedora-gcc | 0.5.0 | 138.73 | OK | |||
r-prerel-macos-arm64 | 0.5.0 | 44.00 | OK | |||
r-prerel-macos-x86_64 | 0.5.0 | 68.00 | OK | |||
r-prerel-windows-x86_64 | 0.5.0 | 8.00 | 83.00 | 91.00 | OK | |
r-patched-linux-x86_64 | 0.5.0 | 4.87 | 89.02 | 93.89 | OK | |
r-release-linux-x86_64 | 0.5.0 | 6.22 | 89.58 | 95.80 | OK | |
r-release-macos-arm64 | 0.5.0 | 43.00 | OK | |||
r-release-macos-x86_64 | 0.5.0 | 58.00 | OK | |||
r-release-windows-x86_64 | 0.5.0 | 10.00 | 98.00 | 108.00 | OK | |
r-oldrel-macos-arm64 | 0.5.0 | 42.00 | OK | |||
r-oldrel-windows-x86_64 | 0.5.0 | 11.00 | 98.00 | 109.00 | OK |
Version: 0.5.0
Check: package dependencies
Result: ERROR
Packages required but not available: 'tigger', 'alakazam', 'Biostrings'
See section ‘The DESCRIPTION file’ in the ‘Writing R Extensions’
manual.
Flavor: r-devel-linux-x86_64-debian-clang