Last updated on 2024-04-25 06:02:18 CEST.
Flavor | Version | Tinstall | Tcheck | Ttotal | Status | Flags |
---|---|---|---|---|---|---|
r-devel-linux-x86_64-debian-clang | 0.1.0 | 44.11 | 28.85 | 72.96 | NOTE | |
r-devel-linux-x86_64-debian-gcc | 0.1.0 | 36.67 | 22.79 | 59.46 | NOTE | |
r-devel-linux-x86_64-fedora-clang | 0.1.0 | 104.77 | NOTE | |||
r-devel-linux-x86_64-fedora-gcc | 0.1.0 | 109.80 | NOTE | |||
r-devel-windows-x86_64 | 0.1.0 | 38.00 | 68.00 | 106.00 | NOTE | |
r-patched-linux-x86_64 | 0.1.0 | 40.27 | 29.27 | 69.54 | NOTE | |
r-release-linux-x86_64 | 0.1.0 | 43.85 | 29.40 | 73.25 | NOTE | |
r-release-macos-arm64 | 0.1.0 | 29.00 | NOTE | |||
r-release-windows-x86_64 | 0.1.0 | 37.00 | 65.00 | 102.00 | NOTE | |
r-oldrel-macos-arm64 | 0.1.0 | 30.00 | NOTE | |||
r-oldrel-macos-x86_64 | 0.1.0 | 49.00 | NOTE | |||
r-oldrel-windows-x86_64 | 0.1.0 | 44.00 | 73.00 | 117.00 | NOTE |
Version: 0.1.0
Check: C++ specification
Result: NOTE
Specified C++11: please drop specification unless essential
Flavors: r-devel-linux-x86_64-debian-clang, r-devel-linux-x86_64-debian-gcc, r-devel-linux-x86_64-fedora-clang, r-devel-linux-x86_64-fedora-gcc, r-devel-windows-x86_64, r-patched-linux-x86_64, r-release-linux-x86_64, r-release-macos-arm64, r-release-windows-x86_64, r-oldrel-macos-arm64, r-oldrel-macos-x86_64, r-oldrel-windows-x86_64