CRAN Package Check Results for Package ohoegdm

Last updated on 2022-11-30 23:54:46 CET.

Flavor Version Tinstall Tcheck Ttotal Status Flags
r-devel-linux-x86_64-debian-clang 0.1.0 50.95 30.29 81.24 OK
r-devel-linux-x86_64-debian-gcc 0.1.0 34.52 23.37 57.89 OK
r-devel-linux-x86_64-fedora-clang 0.1.0 116.05 OK
r-devel-linux-x86_64-fedora-gcc 0.1.0 109.05 OK
r-devel-windows-x86_64 0.1.0 43.00 76.00 119.00 OK
r-patched-linux-x86_64 0.1.0 39.15 28.35 67.50 OK
r-release-linux-x86_64 0.1.0 38.48 27.58 66.06 OK
r-release-macos-arm64 0.1.0 31.00 OK
r-release-macos-x86_64 0.1.0 38.00 OK
r-release-windows-x86_64 0.1.0 44.00 80.00 124.00 OK
r-oldrel-macos-arm64 0.1.0 34.00 NOTE
r-oldrel-macos-x86_64 0.1.0 38.00 OK
r-oldrel-windows-ix86+x86_64 0.1.0 104.00 77.00 181.00 OK

Check Details

Version: 0.1.0
Check: installed package size
Result: NOTE
     installed size is 5.0Mb
     sub-directories of 1Mb or more:
     libs 4.9Mb
Flavor: r-oldrel-macos-arm64