Last updated on 2024-08-16 11:49:46 CEST.
Flavor | Version | Tinstall | Tcheck | Ttotal | Status | Flags |
---|---|---|---|---|---|---|
r-devel-linux-x86_64-debian-clang | 0.3.0 | 21.67 | 25.55 | 47.22 | OK | |
r-devel-linux-x86_64-debian-gcc | 0.3.0 | 16.03 | 20.31 | 36.34 | OK | |
r-devel-linux-x86_64-fedora-clang | 0.3.0 | 88.60 | NOTE | |||
r-devel-linux-x86_64-fedora-gcc | 0.3.0 | 105.08 | NOTE | |||
r-devel-windows-x86_64 | 0.3.0 | 24.00 | 62.00 | 86.00 | OK | |
r-patched-linux-x86_64 | 0.3.0 | 23.62 | 24.74 | 48.36 | OK | |
r-release-linux-x86_64 | 0.3.0 | 21.77 | 24.98 | 46.75 | OK | |
r-release-macos-arm64 | 0.3.0 | 34.00 | OK | |||
r-release-macos-x86_64 | 0.3.0 | 45.00 | OK | |||
r-release-windows-x86_64 | 0.3.0 | 24.00 | 66.00 | 90.00 | OK | |
r-oldrel-macos-arm64 | 0.3.0 | 37.00 | OK | |||
r-oldrel-macos-x86_64 | 0.3.0 | 61.00 | OK | |||
r-oldrel-windows-x86_64 | 0.3.0 | 24.00 | 71.00 | 95.00 | OK |
Version: 0.3.0
Check: compiled code
Result: NOTE
File ‘olctools/libs/olctools.so’:
Found no calls to: ‘R_registerRoutines’, ‘R_useDynamicSymbols’
It is good practice to register native routines and to disable symbol
search.
See ‘Writing portable packages’ in the ‘Writing R Extensions’ manual.
Flavors: r-devel-linux-x86_64-fedora-clang, r-devel-linux-x86_64-fedora-gcc