Last updated on 2024-04-17 17:56:31 CEST.
Flavor | Version | Tinstall | Tcheck | Ttotal | Status | Flags |
---|---|---|---|---|---|---|
r-devel-linux-x86_64-debian-clang | 1.0.0 | 51.60 | 85.94 | 137.54 | NOTE | |
r-devel-linux-x86_64-debian-gcc | 1.0.0 | 35.16 | 65.89 | 101.05 | NOTE | |
r-devel-linux-x86_64-fedora-clang | 1.0.0 | 207.15 | NOTE | |||
r-devel-linux-x86_64-fedora-gcc | 1.0.0 | 204.73 | NOTE | |||
r-prerel-macos-arm64 | 1.0.0 | 59.00 | NOTE | |||
r-prerel-macos-x86_64 | 1.0.0 | 96.00 | NOTE | |||
r-prerel-windows-x86_64 | 1.0.0 | 44.00 | 137.00 | 181.00 | NOTE | |
r-patched-linux-x86_64 | 1.0.0 | 40.06 | 82.50 | 122.56 | NOTE | |
r-release-linux-x86_64 | 1.0.0 | 32.09 | 83.12 | 115.21 | NOTE | |
r-release-macos-arm64 | 1.0.0 | 11.00 | ERROR | |||
r-release-macos-x86_64 | 1.0.0 | 6.00 | ERROR | |||
r-release-windows-x86_64 | 1.0.0 | 51.00 | 146.00 | 197.00 | NOTE | |
r-oldrel-macos-arm64 | 1.0.0 | 51.00 | NOTE | |||
r-oldrel-windows-x86_64 | 1.0.0 | 48.00 | 128.00 | 176.00 | NOTE |
Version: 1.0.0
Check: LazyData
Result: NOTE
'LazyData' is specified without a 'data' directory
Flavors: r-devel-linux-x86_64-debian-clang, r-devel-linux-x86_64-debian-gcc, r-devel-linux-x86_64-fedora-clang, r-devel-linux-x86_64-fedora-gcc, r-prerel-macos-arm64, r-prerel-macos-x86_64, r-prerel-windows-x86_64, r-patched-linux-x86_64, r-release-linux-x86_64, r-release-windows-x86_64, r-oldrel-macos-arm64, r-oldrel-windows-x86_64
Version: 1.0.0
Check: for GNU extensions in Makefiles
Result: NOTE
GNU make is a SystemRequirements.
Flavors: r-devel-linux-x86_64-debian-clang, r-devel-linux-x86_64-debian-gcc, r-devel-linux-x86_64-fedora-clang, r-devel-linux-x86_64-fedora-gcc, r-prerel-macos-arm64, r-prerel-macos-x86_64, r-prerel-windows-x86_64, r-patched-linux-x86_64, r-release-linux-x86_64, r-release-windows-x86_64, r-oldrel-macos-arm64, r-oldrel-windows-x86_64
Version: 1.0.0
Check: installed package size
Result: NOTE
installed size is 5.5Mb
sub-directories of 1Mb or more:
libs 4.3Mb
Flavors: r-devel-linux-x86_64-fedora-clang, r-prerel-macos-arm64, r-prerel-macos-x86_64, r-prerel-windows-x86_64, r-release-windows-x86_64, r-oldrel-macos-arm64, r-oldrel-windows-x86_64
Version: 1.0.0
Check: package dependencies
Result: ERROR
Packages required but not available: 'rhdf5', 'Rhdf5lib'
See section ‘The DESCRIPTION file’ in the ‘Writing R Extensions’
manual.
Flavors: r-release-macos-arm64, r-release-macos-x86_64