CRAN Package Check Results for Package onelogin

Last updated on 2020-12-03 05:48:18 CET.

Flavor Version Tinstall Tcheck Ttotal Status Flags
r-devel-linux-x86_64-debian-clang 0.2.0 3.65 22.17 25.82 OK
r-devel-linux-x86_64-debian-gcc 0.2.0 3.35 19.00 22.35 OK
r-devel-linux-x86_64-fedora-clang 0.2.0 37.48 NOTE
r-devel-linux-x86_64-fedora-gcc 0.2.0 27.56 NOTE
r-devel-windows-ix86+x86_64 0.2.0 7.00 27.00 34.00 OK
r-patched-linux-x86_64 0.2.0 3.29 22.43 25.72 OK
r-patched-solaris-x86 0.2.0 42.90 NOTE
r-release-linux-x86_64 0.2.0 3.88 22.01 25.89 OK
r-release-macos-x86_64 0.2.0 NOTE
r-release-windows-ix86+x86_64 0.2.0 5.00 38.00 43.00 OK
r-oldrel-macos-x86_64 0.2.0 NOTE
r-oldrel-windows-ix86+x86_64 0.2.0 4.00 37.00 41.00 OK

Check Details

Version: 0.2.0
Check: dependencies in R code
Result: NOTE
    Namespaces in Imports field not imported from:
     ‘R6’ ‘safer’
     All declared Imports should be used.
Flavors: r-devel-linux-x86_64-fedora-clang, r-devel-linux-x86_64-fedora-gcc, r-patched-solaris-x86, r-release-macos-x86_64, r-oldrel-macos-x86_64