CRAN Package Check Results for Package openCR

Last updated on 2024-02-29 18:20:28 CET.

Flavor Version Tinstall Tcheck Ttotal Status Flags
r-devel-linux-x86_64-debian-clang 2.2.6 189.33 553.25 742.58 NOTE
r-devel-linux-x86_64-debian-gcc 2.2.6 149.20 406.82 556.02 NOTE
r-devel-linux-x86_64-fedora-clang 2.2.6 991.91 NOTE
r-devel-linux-x86_64-fedora-gcc 2.2.6 987.92 NOTE
r-devel-windows-x86_64 2.2.6 157.00 430.00 587.00 NOTE
r-patched-linux-x86_64 2.2.6 179.42 532.50 711.92 NOTE
r-release-linux-x86_64 2.2.6 183.20 525.92 709.12 NOTE
r-release-macos-arm64 2.2.6 214.00 NOTE
r-release-macos-x86_64 2.2.6 390.00 NOTE
r-release-windows-x86_64 2.2.6 205.00 537.00 742.00 NOTE
r-oldrel-macos-arm64 2.2.6 198.00 NOTE
r-oldrel-windows-x86_64 2.2.6 187.00 499.00 686.00 NOTE

Additional issues

Intel

Check Details

Version: 2.2.6
Check: for GNU extensions in Makefiles
Result: NOTE GNU make is a SystemRequirements. Flavors: r-devel-linux-x86_64-debian-clang, r-devel-linux-x86_64-debian-gcc, r-devel-linux-x86_64-fedora-clang, r-devel-linux-x86_64-fedora-gcc, r-devel-windows-x86_64, r-patched-linux-x86_64, r-release-linux-x86_64, r-release-macos-arm64, r-release-macos-x86_64, r-release-windows-x86_64, r-oldrel-macos-arm64, r-oldrel-windows-x86_64

Version: 2.2.6
Check: installed package size
Result: NOTE installed size is 6.4Mb sub-directories of 1Mb or more: exampledata 1.5Mb libs 3.5Mb Flavors: r-release-macos-arm64, r-release-macos-x86_64, r-oldrel-macos-arm64