Last updated on 2024-04-23 23:56:11 CEST.
Flavor | Version | Tinstall | Tcheck | Ttotal | Status | Flags |
---|---|---|---|---|---|---|
r-devel-linux-x86_64-debian-clang | 0.2-7 | 4.50 | 45.97 | 50.47 | NOTE | |
r-devel-linux-x86_64-debian-gcc | 0.2-7 | 3.30 | 34.33 | 37.63 | NOTE | |
r-devel-linux-x86_64-fedora-clang | 0.2-7 | 62.65 | NOTE | |||
r-devel-linux-x86_64-fedora-gcc | 0.2-7 | 65.16 | NOTE | |||
r-prerel-macos-arm64 | 0.2-7 | 23.00 | NOTE | |||
r-prerel-windows-x86_64 | 0.2-7 | 4.00 | 52.00 | 56.00 | NOTE | |
r-patched-linux-x86_64 | 0.2-7 | 3.53 | 44.57 | 48.10 | NOTE | |
r-release-linux-x86_64 | 0.2-7 | 4.13 | 44.72 | 48.85 | NOTE | |
r-release-macos-arm64 | 0.2-7 | 27.00 | NOTE | |||
r-release-macos-x86_64 | 0.2-7 | 30.00 | NOTE | |||
r-release-windows-x86_64 | 0.2-7 | 7.00 | 58.00 | 65.00 | NOTE | |
r-oldrel-macos-arm64 | 0.2-7 | 27.00 | NOTE | |||
r-oldrel-windows-x86_64 | 0.2-7 | 6.00 | 63.00 | 69.00 | NOTE |
Version: 0.2-7
Check: package dependencies
Result: NOTE
Package suggested but not available for checking: ‘openNLPmodels.en’
Flavors: r-devel-linux-x86_64-debian-clang, r-devel-linux-x86_64-debian-gcc, r-devel-linux-x86_64-fedora-clang, r-devel-linux-x86_64-fedora-gcc, r-prerel-macos-arm64, r-prerel-windows-x86_64, r-patched-linux-x86_64, r-release-linux-x86_64, r-release-macos-arm64, r-release-macos-x86_64, r-release-windows-x86_64, r-oldrel-macos-arm64, r-oldrel-windows-x86_64