Last updated on 2023-03-26 12:03:24 CEST.
Flavor | Version | Tinstall | Tcheck | Ttotal | Status | Flags |
---|---|---|---|---|---|---|
r-devel-linux-x86_64-debian-clang | 2.16-0 | 52.35 | 264.52 | 316.87 | OK | |
r-devel-linux-x86_64-debian-gcc | 2.16-0 | 42.40 | 198.19 | 240.59 | OK | |
r-devel-linux-x86_64-fedora-clang | 2.16-0 | 421.16 | NOTE | |||
r-devel-linux-x86_64-fedora-gcc | 2.16-0 | 398.53 | OK | |||
r-patched-linux-x86_64 | 2.16-0 | 50.53 | 249.95 | 300.48 | OK | |
r-release-linux-x86_64 | 2.16-0 | 48.28 | 233.51 | 281.79 | OK | |
r-release-macos-arm64 | 2.16-0 | 85.00 | OK | |||
r-release-macos-x86_64 | 2.16-0 | 129.00 | OK | |||
r-release-windows-x86_64 | 2.16-0 | 85.00 | 298.00 | 383.00 | OK | |
r-oldrel-macos-arm64 | 2.16-0 | 81.00 | OK | |||
r-oldrel-macos-x86_64 | 2.16-0 | 122.00 | OK | |||
r-oldrel-windows-ix86+x86_64 | 2.16-0 | 108.00 | 398.00 | 506.00 | NOTE |
Version: 2.16-0
Check: Rd cross-references
Result: NOTE
Undeclared package ‘worldmet’ in Rd xrefs
Flavor: r-devel-linux-x86_64-fedora-clang
Version: 2.16-0
Check: installed package size
Result: NOTE
installed size is 5.4Mb
sub-directories of 1Mb or more:
help 1.1Mb
libs 2.0Mb
Flavor: r-oldrel-windows-ix86+x86_64