Last updated on 2023-06-05 18:54:10 CEST.
Flavor | Version | Tinstall | Tcheck | Ttotal | Status | Flags |
---|---|---|---|---|---|---|
r-devel-linux-x86_64-debian-clang | 2.2.9 | 6.61 | 43.70 | 50.31 | OK | |
r-devel-linux-x86_64-debian-gcc | 2.2.9 | 4.84 | 33.07 | 37.91 | OK | |
r-devel-linux-x86_64-fedora-clang | 2.2.9 | 60.49 | NOTE | |||
r-devel-linux-x86_64-fedora-gcc | 2.2.9 | 71.43 | NOTE | |||
r-devel-windows-x86_64 | 2.2.9 | 6.00 | 52.00 | 58.00 | NOTE | |
r-patched-linux-x86_64 | 2.2.9 | 8.47 | 41.06 | 49.53 | OK | |
r-release-linux-x86_64 | 2.2.9 | 6.07 | 41.35 | 47.42 | OK | |
r-release-macos-arm64 | 2.2.9 | 28.00 | OK | |||
r-release-macos-x86_64 | 2.2.9 | 53.00 | OK | |||
r-release-windows-x86_64 | 2.2.9 | 8.00 | 54.00 | 62.00 | NOTE | |
r-oldrel-macos-arm64 | 2.2.9 | 24.00 | OK | |||
r-oldrel-macos-x86_64 | 2.2.9 | 31.00 | OK | |||
r-oldrel-windows-x86_64 | 2.2.9 | 8.00 | 58.00 | 66.00 | NOTE |
Version: 2.2.9
Check: data for non-ASCII characters
Result: NOTE
Note: found 4 marked UTF-8 strings
Flavors: r-devel-linux-x86_64-fedora-clang, r-devel-linux-x86_64-fedora-gcc
Version: 2.2.9
Check: package dependencies
Result: NOTE
Package suggested but not available for checking: 'unix'
Flavors: r-devel-windows-x86_64, r-release-windows-x86_64, r-oldrel-windows-x86_64