CRAN Package Check Results for Package optCluster

Last updated on 2022-01-26 23:50:26 CET.

Flavor Version Tinstall Tcheck Ttotal Status Flags
r-devel-linux-x86_64-debian-clang 1.3.0 6.14 60.39 66.53 OK
r-devel-linux-x86_64-debian-gcc 1.3.0 5.08 47.21 52.29 OK
r-devel-linux-x86_64-fedora-clang 1.3.0 81.41 OK
r-devel-linux-x86_64-fedora-gcc 1.3.0 71.68 OK
r-devel-windows-x86_64-new-UL 1.3.0 97.00 79.00 176.00 OK
r-devel-windows-x86_64-new-TK 1.3.0 OK
r-patched-linux-x86_64 1.3.0 7.31 58.33 65.64 OK
r-release-linux-x86_64 1.3.0 7.08 57.95 65.03 OK
r-release-macos-arm64 1.3.0 NOTE
r-release-macos-x86_64 1.3.0 NOTE
r-release-windows-ix86+x86_64 1.3.0 14.00 75.00 89.00 OK
r-oldrel-macos-x86_64 1.3.0 NOTE
r-oldrel-windows-ix86+x86_64 1.3.0 15.00 71.00 86.00 OK

Check Details

Version: 1.3.0
Check: package dependencies
Result: NOTE
    Packages suggested but not available for checking:
     'GO.db', 'org.At.tair.db'
Flavors: r-release-macos-arm64, r-release-macos-x86_64

Version: 1.3.0
Check: package dependencies
Result: NOTE
    Package suggested but not available for checking: ‘org.At.tair.db’
Flavor: r-oldrel-macos-x86_64