Last updated on 2024-08-16 11:49:46 CEST.
Flavor | Version | Tinstall | Tcheck | Ttotal | Status | Flags |
---|---|---|---|---|---|---|
r-devel-linux-x86_64-debian-clang | 3.0-3 | 12.66 | 81.94 | 94.60 | NOTE | |
r-devel-linux-x86_64-debian-gcc | 3.0-3 | 8.30 | 57.10 | 65.40 | NOTE | |
r-devel-linux-x86_64-fedora-clang | 3.0-3 | 149.97 | NOTE | |||
r-devel-linux-x86_64-fedora-gcc | 3.0-3 | 139.37 | NOTE | |||
r-devel-windows-x86_64 | 3.0-3 | 18.00 | 107.00 | 125.00 | NOTE | |
r-patched-linux-x86_64 | 3.0-3 | 15.23 | 76.26 | 91.49 | OK | |
r-release-linux-x86_64 | 3.0-3 | 11.41 | 76.73 | 88.14 | OK | |
r-release-macos-arm64 | 3.0-3 | 54.00 | OK | |||
r-release-macos-x86_64 | 3.0-3 | 72.00 | OK | |||
r-release-windows-x86_64 | 3.0-3 | 19.00 | 106.00 | 125.00 | OK | |
r-oldrel-macos-arm64 | 3.0-3 | 57.00 | OK | |||
r-oldrel-macos-x86_64 | 3.0-3 | 81.00 | OK | |||
r-oldrel-windows-x86_64 | 3.0-3 | 22.00 | 121.00 | 143.00 | OK |
Version: 3.0-3
Check: Rd cross-references
Result: NOTE
Found the following Rd file(s) with Rd \link{} targets missing package
anchors:
optpart.Rd: dsvdis, pam, diana
partana.Rd: dsvdis, pam, diana
partition.Rd: silhouette
testpart.Rd: silhouette
Please provide package anchors for all Rd \link{} targets not in the
package itself and the base packages.
Flavors: r-devel-linux-x86_64-debian-clang, r-devel-linux-x86_64-debian-gcc, r-devel-windows-x86_64
Version: 3.0-3
Check: Rd cross-references
Result: NOTE
Undeclared package ‘vegan’ in Rd xrefs
Flavor: r-devel-linux-x86_64-fedora-clang
Version: 3.0-3
Check: compiled code
Result: NOTE
File ‘optpart/libs/optpart.so’:
Found no calls to: ‘R_registerRoutines’, ‘R_useDynamicSymbols’
It is good practice to register native routines and to disable symbol
search.
See ‘Writing portable packages’ in the ‘Writing R Extensions’ manual.
Flavors: r-devel-linux-x86_64-fedora-clang, r-devel-linux-x86_64-fedora-gcc