CRAN Package Check Results for Package optpart

Last updated on 2023-12-02 11:49:34 CET.

Flavor Version Tinstall Tcheck Ttotal Status Flags
r-devel-linux-x86_64-debian-clang 3.0-3 16.91 104.88 121.79 OK
r-devel-linux-x86_64-debian-gcc 3.0-3 10.97 78.46 89.43 OK
r-devel-linux-x86_64-fedora-clang 3.0-3 150.03 NOTE
r-devel-linux-x86_64-fedora-gcc 3.0-3 140.50 NOTE
r-devel-windows-x86_64 3.0-3 19.00 110.00 129.00 OK
r-patched-linux-x86_64 3.0-3 16.72 99.70 116.42 OK
r-release-linux-x86_64 3.0-3 13.67 101.62 115.29 OK
r-release-macos-arm64 3.0-3 57.00 OK
r-release-macos-x86_64 3.0-3 81.00 OK
r-release-windows-x86_64 3.0-3 21.00 125.00 146.00 OK
r-oldrel-macos-arm64 3.0-3 51.00 OK
r-oldrel-macos-x86_64 3.0-3 60.00 OK
r-oldrel-windows-x86_64 3.0-3 20.00 127.00 147.00 OK

Check Details

Version: 3.0-3
Check: Rd cross-references
Result: NOTE Undeclared package ‘vegan’ in Rd xrefs Flavor: r-devel-linux-x86_64-fedora-clang

Version: 3.0-3
Check: compiled code
Result: NOTE File ‘optpart/libs/optpart.so’: Found no calls to: ‘R_registerRoutines’, ‘R_useDynamicSymbols’ It is good practice to register native routines and to disable symbol search. See ‘Writing portable packages’ in the ‘Writing R Extensions’ manual. Flavors: r-devel-linux-x86_64-fedora-clang, r-devel-linux-x86_64-fedora-gcc