Last updated on 2024-03-29 00:50:55 CET.
Flavor | Version | Tinstall | Tcheck | Ttotal | Status | Flags |
---|---|---|---|---|---|---|
r-devel-linux-x86_64-debian-clang | 0.1-1 | 55.77 | 82.25 | 138.02 | NOTE | |
r-devel-linux-x86_64-debian-gcc | 0.1-1 | 45.93 | 61.78 | 107.71 | NOTE | |
r-devel-linux-x86_64-fedora-clang | 0.1-1 | 200.41 | NOTE | |||
r-devel-linux-x86_64-fedora-gcc | 0.1-1 | 181.71 | NOTE | |||
r-devel-windows-x86_64 | 0.1-1 | 48.00 | 88.00 | 136.00 | NOTE | |
r-patched-linux-x86_64 | 0.1-1 | 55.60 | 77.65 | 133.25 | NOTE | |
r-release-linux-x86_64 | 0.1-1 | 53.48 | 81.60 | 135.08 | NOTE | |
r-release-macos-arm64 | 0.1-1 | 51.00 | NOTE | |||
r-release-macos-x86_64 | 0.1-1 | 88.00 | NOTE | |||
r-release-windows-x86_64 | 0.1-1 | 41.00 | 106.00 | 147.00 | NOTE | |
r-oldrel-macos-arm64 | 0.1-1 | 46.00 | NOTE | |||
r-oldrel-windows-x86_64 | 0.1-1 | 52.00 | 106.00 | 158.00 | NOTE |
Version: 0.1-1
Check: LazyData
Result: NOTE
'LazyData' is specified without a 'data' directory
Flavors: r-devel-linux-x86_64-debian-clang, r-devel-linux-x86_64-debian-gcc, r-devel-linux-x86_64-fedora-clang, r-devel-linux-x86_64-fedora-gcc, r-devel-windows-x86_64, r-patched-linux-x86_64, r-release-linux-x86_64, r-release-macos-arm64, r-release-macos-x86_64, r-release-windows-x86_64, r-oldrel-macos-arm64, r-oldrel-windows-x86_64