CRAN Package Check Results for Package ordcrm

Last updated on 2024-04-14 00:23:19 CEST.

Flavor Version Tinstall Tcheck Ttotal Status Flags
r-devel-linux-x86_64-debian-clang 1.0.0 9.50 61.76 71.26 NOTE
r-devel-linux-x86_64-debian-gcc 1.0.0 6.75 43.49 50.24 NOTE
r-devel-linux-x86_64-fedora-clang 1.0.0 87.61 NOTE
r-devel-linux-x86_64-fedora-gcc 1.0.0 83.09 NOTE
r-devel-windows-x86_64 1.0.0 9.00 59.00 68.00 NOTE
r-patched-linux-x86_64 1.0.0 7.01 57.34 64.35 NOTE
r-release-linux-x86_64 1.0.0 6.26 59.53 65.79 NOTE
r-release-macos-arm64 1.0.0 28.00 NOTE
r-release-macos-x86_64 1.0.0 41.00 NOTE
r-release-windows-x86_64 1.0.0 12.00 64.00 76.00 NOTE
r-oldrel-macos-arm64 1.0.0 27.00 NOTE
r-oldrel-windows-x86_64 1.0.0 13.00 69.00 82.00 NOTE

Check Details

Version: 1.0.0
Check: LazyData
Result: NOTE 'LazyData' is specified without a 'data' directory Flavors: r-devel-linux-x86_64-debian-clang, r-devel-linux-x86_64-debian-gcc, r-devel-linux-x86_64-fedora-clang, r-devel-linux-x86_64-fedora-gcc, r-devel-windows-x86_64, r-patched-linux-x86_64, r-release-linux-x86_64, r-release-macos-arm64, r-release-macos-x86_64, r-release-windows-x86_64, r-oldrel-macos-arm64, r-oldrel-windows-x86_64