CRAN Package Check Results for Package ordinalForest

Last updated on 2023-10-05 01:01:51 CEST.

Flavor Version Tinstall Tcheck Ttotal Status Flags
r-devel-linux-x86_64-debian-clang 2.4-3 109.11 35.55 144.66 OK
r-devel-linux-x86_64-debian-gcc 2.4-3 72.92 27.80 100.72 OK
r-devel-linux-x86_64-fedora-clang 2.4-3 218.23 OK
r-devel-linux-x86_64-fedora-gcc 2.4-3 198.70 OK
r-devel-windows-x86_64 2.4-3 78.00 69.00 147.00 OK
r-patched-linux-x86_64 2.4-3 92.82 34.66 127.48 OK
r-release-linux-x86_64 2.4-3 93.44 34.67 128.11 OK
r-release-macos-arm64 2.4-3 50.00 NOTE
r-release-macos-x86_64 2.4-3 84.00 NOTE
r-release-windows-x86_64 2.4-3 100.00 76.00 176.00 OK
r-oldrel-macos-arm64 2.4-3 46.00 NOTE
r-oldrel-macos-x86_64 2.4-3 66.00 NOTE
r-oldrel-windows-x86_64 2.4-3 90.00 72.00 162.00 OK

Check Details

Version: 2.4-3
Check: installed package size
Result: NOTE
     installed size is 6.1Mb
     sub-directories of 1Mb or more:
     libs 5.9Mb
Flavors: r-release-macos-arm64, r-release-macos-x86_64, r-oldrel-macos-arm64, r-oldrel-macos-x86_64