CRAN Package Check Results for Package ordinalForest

Last updated on 2022-01-24 05:51:57 CET.

Flavor Version Tinstall Tcheck Ttotal Status Flags
r-devel-linux-x86_64-debian-clang 2.4-2 83.95 42.36 126.31 OK
r-devel-linux-x86_64-debian-gcc 2.4-2 61.49 33.00 94.49 OK
r-devel-linux-x86_64-fedora-clang 2.4-2 205.24 NOTE
r-devel-linux-x86_64-fedora-gcc 2.4-2 158.12 OK
r-devel-windows-x86_64-new-UL 2.4-2 95.00 81.00 176.00 OK
r-devel-windows-x86_64-new-TK 2.4-2 OK
r-patched-linux-x86_64 2.4-2 67.15 40.99 108.14 OK
r-release-linux-x86_64 2.4-2 74.81 40.99 115.80 OK
r-release-macos-arm64 2.4-2 NOTE
r-release-macos-x86_64 2.4-2 NOTE
r-release-windows-ix86+x86_64 2.4-2 207.00 77.00 284.00 OK
r-oldrel-macos-x86_64 2.4-2 NOTE
r-oldrel-windows-ix86+x86_64 2.4-2 205.00 75.00 280.00 OK

Check Details

Version: 2.4-2
Check: installed package size
Result: NOTE
     installed size is 5.0Mb
     sub-directories of 1Mb or more:
     libs 4.9Mb
Flavors: r-devel-linux-x86_64-fedora-clang, r-release-macos-arm64, r-release-macos-x86_64, r-oldrel-macos-x86_64